Last updated on 2020-04-25 01:53:22 CEST.
Flavor | Version | Tinstall | Tcheck | Ttotal | Status | Flags |
---|---|---|---|---|---|---|
r-devel-linux-x86_64-debian-clang | 1.3.1 | 13.44 | 37.13 | 50.57 | OK | |
r-devel-linux-x86_64-debian-gcc | 1.3.2 | 9.32 | 29.68 | 39.00 | OK | |
r-devel-linux-x86_64-fedora-clang | 1.3.2 | 74.62 | OK | |||
r-devel-linux-x86_64-fedora-gcc | 1.3.2 | 69.70 | OK | |||
r-devel-windows-ix86+x86_64 | 1.3.1 | 3.00 | 8.00 | 11.00 | ERROR | |
r-patched-linux-x86_64 | 1.3.2 | 11.55 | 36.73 | 48.28 | OK | |
r-patched-osx-x86_64 | 1.3.1 | NOTE | ||||
r-patched-solaris-x86 | 1.3.2 | 78.60 | OK | |||
r-release-linux-x86_64 | 1.3.1 | 10.56 | 34.06 | 44.62 | OK | |
r-release-windows-ix86+x86_64 | 1.3.1 | 70.00 | 76.00 | 146.00 | NOTE | |
r-release-osx-x86_64 | 1.3.2 | OK | ||||
r-oldrel-windows-ix86+x86_64 | 1.3.2 | 37.00 | 61.00 | 98.00 | NOTE | |
r-oldrel-osx-x86_64 | 1.2.5 | OK |
Version: 1.3.1
Check: whether package can be installed
Result: ERROR
Installation failed.
Flavor: r-devel-windows-ix86+x86_64
Version: 1.3.1
Check: installed package size
Result: NOTE
installed size is 6.3Mb
sub-directories of 1Mb or more:
libs 5.9Mb
Flavors: r-patched-osx-x86_64, r-release-windows-ix86+x86_64
Version: 1.3.2
Check: installed package size
Result: NOTE
installed size is 5.8Mb
sub-directories of 1Mb or more:
libs 5.4Mb
Flavor: r-oldrel-windows-ix86+x86_64