CRAN Package Check Results for Package xSub

Last updated on 2020-04-25 01:53:22 CEST.

Flavor Version Tinstall Tcheck Ttotal Status Flags
r-devel-linux-x86_64-debian-clang 2.0.2 6.13 40.65 46.78 NOTE
r-devel-linux-x86_64-debian-gcc 2.0.2 5.61 32.22 37.83 NOTE
r-devel-linux-x86_64-fedora-clang 2.0.2 62.71 NOTE
r-devel-linux-x86_64-fedora-gcc 2.0.2 61.04 NOTE
r-devel-windows-ix86+x86_64 2.0.2 25.00 79.00 104.00 OK
r-patched-linux-x86_64 2.0.2 6.22 39.86 46.08 NOTE
r-patched-osx-x86_64 2.0.2 NOTE
r-patched-solaris-x86 2.0.2 84.70 NOTE
r-release-linux-x86_64 2.0.2 5.72 36.79 42.51 OK
r-release-windows-ix86+x86_64 2.0.2 21.00 76.00 97.00 OK
r-release-osx-x86_64 2.0.2 NOTE
r-oldrel-windows-ix86+x86_64 2.0.2 8.00 66.00 74.00 OK
r-oldrel-osx-x86_64 2.0.2 NOTE

Check Details

Version: 2.0.2
Check: for non-standard things in the check directory
Result: NOTE
    Found the following files/directories:
     'xSub_ACLED_EGY_adm0_year.csv'
Flavors: r-devel-linux-x86_64-debian-clang, r-devel-linux-x86_64-debian-gcc, r-devel-linux-x86_64-fedora-clang, r-devel-linux-x86_64-fedora-gcc, r-patched-linux-x86_64, r-patched-solaris-x86

Version: 2.0.2
Check: data for non-ASCII characters
Result: NOTE
     Note: found 268 marked UTF-8 strings
Flavors: r-devel-linux-x86_64-fedora-clang, r-devel-linux-x86_64-fedora-gcc, r-patched-osx-x86_64, r-patched-solaris-x86, r-release-osx-x86_64, r-oldrel-osx-x86_64