CRAN Package Check Results for Package wmwpow

Last updated on 2020-04-25 01:53:22 CEST.

Flavor Version Tinstall Tcheck Ttotal Status Flags
r-devel-linux-x86_64-debian-clang 0.1.2 2.83 38.03 40.86 OK
r-devel-linux-x86_64-debian-gcc 0.1.2 2.29 30.06 32.35 OK
r-devel-linux-x86_64-fedora-clang 0.1.2 50.86 NOTE
r-devel-linux-x86_64-fedora-gcc 0.1.2 48.44 NOTE
r-devel-windows-ix86+x86_64 0.1.2 10.00 71.00 81.00 OK
r-patched-linux-x86_64 0.1.2 2.91 37.74 40.65 OK
r-patched-osx-x86_64 0.1.2 NOTE
r-patched-solaris-x86 0.1.2 72.00 NOTE
r-release-linux-x86_64 0.1.2 2.48 34.85 37.33 OK
r-release-windows-ix86+x86_64 0.1.2 10.00 53.00 63.00 OK
r-release-osx-x86_64 0.1.2 NOTE
r-oldrel-windows-ix86+x86_64 0.1.2 4.00 63.00 67.00 OK
r-oldrel-osx-x86_64 0.1.2 NOTE

Check Details

Version: 0.1.2
Check: dependencies in R code
Result: NOTE
    Namespace in Imports field not imported from: ‘MASS’
     All declared Imports should be used.
Flavors: r-devel-linux-x86_64-fedora-clang, r-devel-linux-x86_64-fedora-gcc, r-patched-osx-x86_64, r-patched-solaris-x86, r-release-osx-x86_64, r-oldrel-osx-x86_64