CRAN Package Check Results for Package withr

Last updated on 2020-04-25 01:53:22 CEST.

Flavor Version Tinstall Tcheck Ttotal Status Flags
r-devel-linux-x86_64-debian-clang 2.2.0 2.76 35.10 37.86 OK
r-devel-linux-x86_64-debian-gcc 2.2.0 2.26 27.16 29.42 OK
r-devel-linux-x86_64-fedora-clang 2.2.0 47.71 OK
r-devel-linux-x86_64-fedora-gcc 2.2.0 48.15 OK
r-devel-windows-ix86+x86_64 2.1.2 13.00 61.00 74.00 WARN
r-patched-linux-x86_64 2.2.0 2.52 34.31 36.83 OK
r-patched-osx-x86_64 2.1.2 ERROR
r-patched-solaris-x86 2.2.0 65.10 OK
r-release-linux-x86_64 2.2.0 2.38 32.04 34.42 OK
r-release-windows-ix86+x86_64 2.2.0 8.00 66.00 74.00 OK
r-release-osx-x86_64 2.2.0 OK
r-oldrel-windows-ix86+x86_64 2.2.0 3.00 43.00 46.00 OK
r-oldrel-osx-x86_64 2.1.2 OK

Check Details

Version: 2.1.2
Check: for code/documentation mismatches
Result: WARN
    Codoc mismatches from documentation object 'devices':
    with_svg
     Code: function(new, code, width = 7, height = 7, pointsize = 12,
     onefile = FALSE, family = "sans", bg = "white",
     antialias = c("default", "none", "gray", "subpixel"),
     symbolfamily)
     Docs: function(new, code, width = 7, height = 7, pointsize = 12,
     onefile = FALSE, family = "sans", bg = "white",
     antialias = c("default", "none", "gray", "subpixel"))
     Argument names in code not in docs:
     symbolfamily
    local_svg
     Code: function(new, width = 7, height = 7, pointsize = 12, onefile =
     FALSE, family = "sans", bg = "white", antialias =
     c("default", "none", "gray", "subpixel"),
     symbolfamily, .local_envir = parent.frame())
     Docs: function(new, width = 7, height = 7, pointsize = 12, onefile =
     FALSE, family = "sans", bg = "white", antialias =
     c("default", "none", "gray", "subpixel"), .local_envir
     = parent.frame())
     Argument names in code not in docs:
     symbolfamily
     Mismatches in argument names:
     Position: 9 Code: symbolfamily Docs: .local_envir
Flavor: r-devel-windows-ix86+x86_64

Version: 2.1.2
Check: tests
Result: ERROR
     Running ‘testthat.R’ [6s/10s]
    Running the tests in ‘tests/testthat.R’ failed.
    Complete output:
     > library(testthat)
     > library(withr)
     >
     > test_check("withr")
     Fontconfig error: Cannot load default config file
     Error in loadNamespace(j <- i[[1L]], c(lib.loc, .libPaths()), versionCheck = vI[[j]]) :
     there is no package called 'fansi'
     Calls: test_check ... loadNamespace -> withRestarts -> withOneRestart -> doWithOneRestart
     Execution halted
Flavor: r-patched-osx-x86_64