CRAN Package Check Results for Package wiqid

Last updated on 2020-04-25 01:53:22 CEST.

Flavor Version Tinstall Tcheck Ttotal Status Flags
r-devel-linux-x86_64-debian-clang 0.2.3 10.20 91.12 101.32 OK
r-devel-linux-x86_64-debian-gcc 0.2.3 9.15 67.76 76.91 OK
r-devel-linux-x86_64-fedora-clang 0.2.3 122.62 OK
r-devel-linux-x86_64-fedora-gcc 0.2.3 122.09 OK
r-devel-windows-ix86+x86_64 0.2.3 24.00 130.00 154.00 OK
r-patched-linux-x86_64 0.2.3 9.90 90.37 100.27 OK
r-patched-osx-x86_64 0.2.3 NOTE
r-patched-solaris-x86 0.2.3 156.70 OK
r-release-linux-x86_64 0.2.3 10.03 82.24 92.27 OK
r-release-windows-ix86+x86_64 0.2.3 25.00 92.00 117.00 OK
r-release-osx-x86_64 0.2.3 OK
r-oldrel-windows-ix86+x86_64 0.2.3 12.00 119.00 131.00 OK
r-oldrel-osx-x86_64 0.2.3 OK

Check Details

Version: 0.2.3
Check: package dependencies
Result: NOTE
    Package suggested but not available for checking: ‘rjags’
Flavor: r-patched-osx-x86_64