CRAN Package Check Results for Package whoa

Last updated on 2020-04-25 01:53:22 CEST.

Flavor Version Tinstall Tcheck Ttotal Status Flags
r-devel-linux-x86_64-debian-clang 0.0.1 56.26 61.84 118.10 OK
r-devel-linux-x86_64-debian-gcc 0.0.1 31.08 47.25 78.33 OK
r-devel-linux-x86_64-fedora-clang 0.0.1 152.05 OK
r-devel-linux-x86_64-fedora-gcc 0.0.1 134.75 OK
r-devel-windows-ix86+x86_64 0.0.1 140.00 140.00 280.00 OK
r-patched-linux-x86_64 0.0.1 35.21 59.18 94.39 OK
r-patched-osx-x86_64 0.0.1 WARN
r-patched-solaris-x86 0.0.1 167.20 OK
r-release-linux-x86_64 0.0.1 35.72 55.96 91.68 OK
r-release-windows-ix86+x86_64 0.0.1 130.00 143.00 273.00 OK
r-release-osx-x86_64 0.0.1 OK
r-oldrel-windows-ix86+x86_64 0.0.1 69.00 133.00 202.00 OK
r-oldrel-osx-x86_64 0.0.1 OK

Check Details

Version: 0.0.1
Check: re-building of vignette outputs
Result: WARN
    Error(s) in re-building vignettes:
     ...
    --- re-building ‘whoa_tutorial.Rmd’ using rmarkdown
    dyld: lazy symbol binding failed: Symbol not found: ____chkstk_darwin
     Referenced from: /usr/local/bin/pandoc (which was built for Mac OS X 10.15)
     Expected in: /usr/lib/libSystem.B.dylib
    
    dyld: Symbol not found: ____chkstk_darwin
     Referenced from: /usr/local/bin/pandoc (which was built for Mac OS X 10.15)
     Expected in: /usr/lib/libSystem.B.dylib
    
    Error: processing vignette 'whoa_tutorial.Rmd' failed with diagnostics:
    pandoc document conversion failed with error 6
    --- failed re-building ‘whoa_tutorial.Rmd’
    
    SUMMARY: processing the following file failed:
     ‘whoa_tutorial.Rmd’
    
    Error: Vignette re-building failed.
    Execution halted
Flavor: r-patched-osx-x86_64