CRAN Package Check Results for Package weibulltools

Last updated on 2020-04-25 01:53:22 CEST.

Flavor Version Tinstall Tcheck Ttotal Status Flags
r-devel-linux-x86_64-debian-clang 1.0.1 50.27 94.43 144.70 OK
r-devel-linux-x86_64-debian-gcc 1.0.1 29.42 70.70 100.12 OK
r-devel-linux-x86_64-fedora-clang 1.0.1 174.61 NOTE
r-devel-linux-x86_64-fedora-gcc 1.0.1 160.76 OK
r-devel-windows-ix86+x86_64 1.0.1 122.00 205.00 327.00 NOTE
r-patched-linux-x86_64 1.0.1 35.23 89.50 124.73 OK
r-patched-osx-x86_64 1.0.1 WARN
r-patched-solaris-x86 1.0.1 184.40 NOTE
r-release-linux-x86_64 1.0.1 34.12 83.86 117.98 OK
r-release-windows-ix86+x86_64 1.0.1 102.00 154.00 256.00 NOTE
r-release-osx-x86_64 1.0.1 NOTE
r-oldrel-windows-ix86+x86_64 1.0.1 72.00 170.00 242.00 NOTE
r-oldrel-osx-x86_64 1.0.1 NOTE

Check Details

Version: 1.0.1
Check: installed package size
Result: NOTE
     installed size is 13.7Mb
     sub-directories of 1Mb or more:
     doc 11.9Mb
     libs 1.5Mb
Flavors: r-devel-linux-x86_64-fedora-clang, r-devel-windows-ix86+x86_64, r-patched-osx-x86_64, r-patched-solaris-x86, r-release-windows-ix86+x86_64, r-release-osx-x86_64, r-oldrel-windows-ix86+x86_64, r-oldrel-osx-x86_64

Version: 1.0.1
Check: re-building of vignette outputs
Result: WARN
    Error(s) in re-building vignettes:
    --- re-building ‘Life_Data_Analysis_Part_I.Rmd’ using rmarkdown
    ── Attaching packages ─────────────────────────────────────── tidyverse 1.3.0 ──
    ✔ ggplot2 3.3.0 ✔ purrr 0.3.3
    ✔ tibble 2.1.3 ✔ dplyr 0.8.5
    ✔ tidyr 1.0.2 ✔ stringr 1.4.0
    ✔ readr 1.3.1 ✔ forcats 0.5.0
    ── Conflicts ────────────────────────────────────────── tidyverse_conflicts() ──
    ✖ dplyr::filter() masks stats::filter()
    ✖ dplyr::lag() masks stats::lag()
    Loading required package: survival
    Loading required package: nlme
    
    Attaching package: 'nlme'
    
    The following object is masked from 'package:dplyr':
    
     collapse
    
    
    Attaching package: 'plotly'
    
    The following object is masked from 'package:ggplot2':
    
     last_plot
    
    The following object is masked from 'package:stats':
    
     filter
    
    The following object is masked from 'package:graphics':
    
     layout
    
    dyld: lazy symbol binding failed: Symbol not found: ____chkstk_darwin
     Referenced from: /usr/local/bin/pandoc (which was built for Mac OS X 10.15)
     Expected in: /usr/lib/libSystem.B.dylib
    
    dyld: Symbol not found: ____chkstk_darwin
     Referenced from: /usr/local/bin/pandoc (which was built for Mac OS X 10.15)
     Expected in: /usr/lib/libSystem.B.dylib
    
    Error: processing vignette 'Life_Data_Analysis_Part_I.Rmd' failed with diagnostics:
    pandoc document conversion failed with error 6
    --- failed re-building ‘Life_Data_Analysis_Part_I.Rmd’
    
    --- re-building ‘Life_Data_Analysis_Part_II.Rmd’ using rmarkdown
    Loading required package: survival
    Loading required package: nlme
    Loading required package: ggplot2
    
    Attaching package: 'plotly'
    
    The following object is masked from 'package:ggplot2':
    
     last_plot
    
    The following object is masked from 'package:stats':
    
     filter
    
    The following object is masked from 'package:graphics':
    
     layout
    
    dyld: lazy symbol binding failed: Symbol not found: ____chkstk_darwin
     Referenced from: /usr/local/bin/pandoc (which was built for Mac OS X 10.15)
     Expected in: /usr/lib/libSystem.B.dylib
    
    dyld: Symbol not found: ____chkstk_darwin
     Referenced from: /usr/local/bin/pandoc (which was built for Mac OS X 10.15)
     Expected in: /usr/lib/libSystem.B.dylib
    
    Error: processing vignette 'Life_Data_Analysis_Part_II.Rmd' failed with diagnostics:
    pandoc document conversion failed with error 6
    --- failed re-building ‘Life_Data_Analysis_Part_II.Rmd’
    
    --- re-building ‘Life_Data_Analysis_Part_III.Rmd’ using rmarkdown
    dyld: lazy symbol binding failed: Symbol not found: ____chkstk_darwin
     Referenced from: /usr/local/bin/pandoc (which was built for Mac OS X 10.15)
     Expected in: /usr/lib/libSystem.B.dylib
    
    dyld: Symbol not found: ____chkstk_darwin
     Referenced from: /usr/local/bin/pandoc (which was built for Mac OS X 10.15)
     Expected in: /usr/lib/libSystem.B.dylib
    
    Error: processing vignette 'Life_Data_Analysis_Part_III.Rmd' failed with diagnostics:
    pandoc document conversion failed with error 6
    --- failed re-building ‘Life_Data_Analysis_Part_III.Rmd’
    
    SUMMARY: processing the following files failed:
     ‘Life_Data_Analysis_Part_I.Rmd’ ‘Life_Data_Analysis_Part_II.Rmd’
     ‘Life_Data_Analysis_Part_III.Rmd’
    
    Error: Vignette re-building failed.
    Execution halted
Flavor: r-patched-osx-x86_64