CRAN Package Check Results for Package weathercan

Last updated on 2020-04-25 01:53:21 CEST.

Flavor Version Tinstall Tcheck Ttotal Status Flags
r-devel-linux-x86_64-debian-clang 0.3.4 8.52 160.11 168.63 OK
r-devel-linux-x86_64-debian-gcc 0.3.4 5.84 121.23 127.07 OK
r-devel-linux-x86_64-fedora-clang 0.3.4 195.77 NOTE
r-devel-linux-x86_64-fedora-gcc 0.3.4 198.06 NOTE
r-devel-windows-ix86+x86_64 0.3.4 29.00 282.00 311.00 OK
r-patched-linux-x86_64 0.3.4 7.19 156.30 163.49 OK
r-patched-osx-x86_64 0.3.4 NOTE
r-patched-solaris-x86 0.3.4 241.40 NOTE
r-release-linux-x86_64 0.3.4 6.22 142.16 148.38 OK
r-release-windows-ix86+x86_64 0.3.4 25.00 214.00 239.00 OK
r-release-osx-x86_64 0.3.4 NOTE
r-oldrel-windows-ix86+x86_64 0.3.4 11.00 178.00 189.00 OK
r-oldrel-osx-x86_64 0.3.3 NOTE

Check Details

Version: 0.3.4
Check: data for non-ASCII characters
Result: NOTE
     Note: found 72 marked UTF-8 strings
Flavors: r-devel-linux-x86_64-fedora-clang, r-devel-linux-x86_64-fedora-gcc, r-patched-osx-x86_64, r-patched-solaris-x86, r-release-osx-x86_64

Version: 0.3.3
Check: data for non-ASCII characters
Result: NOTE
     Note: found 72 marked UTF-8 strings
Flavor: r-oldrel-osx-x86_64