CRAN Package Check Results for Package warbleR

Last updated on 2020-04-25 01:53:21 CEST.

Flavor Version Tinstall Tcheck Ttotal Status Flags
r-devel-linux-x86_64-debian-clang 1.1.23 36.65 217.77 254.42 NOTE
r-devel-linux-x86_64-debian-gcc 1.1.23 27.20 160.99 188.19 OK
r-devel-linux-x86_64-fedora-clang 1.1.23 278.11 NOTE
r-devel-linux-x86_64-fedora-gcc 1.1.23 282.69 OK
r-devel-windows-ix86+x86_64 1.1.23 62.00 296.00 358.00 NOTE
r-patched-linux-x86_64 1.1.23 29.70 211.38 241.08 OK
r-patched-osx-x86_64 1.1.23 NOTE
r-patched-solaris-x86 1.1.23 362.30 NOTE
r-release-linux-x86_64 1.1.23 28.12 194.65 222.77 OK
r-release-windows-ix86+x86_64 1.1.23 54.00 205.00 259.00 NOTE
r-release-osx-x86_64 1.1.23 NOTE
r-oldrel-windows-ix86+x86_64 1.1.23 30.00 257.00 287.00 NOTE
r-oldrel-osx-x86_64 1.1.23 NOTE

Check Details

Version: 1.1.23
Check: package dependencies
Result: NOTE
    Package suggested but not available for checking: 'bioacoustics'
Flavors: r-devel-linux-x86_64-debian-clang, r-patched-osx-x86_64, r-release-osx-x86_64, r-oldrel-osx-x86_64

Version: 1.1.23
Check: installed package size
Result: NOTE
     installed size is 7.9Mb
     sub-directories of 1Mb or more:
     R 1.1Mb
     doc 6.4Mb
Flavors: r-devel-linux-x86_64-fedora-clang, r-devel-windows-ix86+x86_64, r-patched-osx-x86_64, r-patched-solaris-x86, r-release-windows-ix86+x86_64, r-release-osx-x86_64, r-oldrel-windows-ix86+x86_64, r-oldrel-osx-x86_64

Version: 1.1.23
Check: Rd cross-references
Result: NOTE
    Package unavailable to check Rd xrefs: ‘bioacoustics’
Flavors: r-patched-osx-x86_64, r-release-osx-x86_64, r-oldrel-osx-x86_64