CRAN Package Check Results for Package voxel

Last updated on 2020-04-25 01:53:21 CEST.

Flavor Version Tinstall Tcheck Ttotal Status Flags
r-devel-linux-x86_64-debian-clang 1.3.5 13.14 128.15 141.29 OK
r-devel-linux-x86_64-debian-gcc 1.3.5 11.60 101.52 113.12 OK
r-devel-linux-x86_64-fedora-clang 1.3.5 167.86 NOTE
r-devel-linux-x86_64-fedora-gcc 1.3.5 170.40 NOTE
r-devel-windows-ix86+x86_64 1.3.5 40.00 253.00 293.00 OK
r-patched-linux-x86_64 1.3.5 12.80 122.13 134.93 OK
r-patched-osx-x86_64 1.3.5 NOTE
r-patched-solaris-x86 1.3.5 241.00 NOTE
r-release-linux-x86_64 1.3.5 11.12 109.88 121.00 OK
r-release-windows-ix86+x86_64 1.3.5 30.00 120.00 150.00 OK
r-release-osx-x86_64 1.3.5 NOTE
r-oldrel-windows-ix86+x86_64 1.3.5 14.00 159.00 173.00 OK
r-oldrel-osx-x86_64 1.3.5 NOTE

Check Details

Version: 1.3.5
Check: dependencies in R code
Result: NOTE
    Namespace in Imports field not imported from: ‘methods’
     All declared Imports should be used.
Flavors: r-devel-linux-x86_64-fedora-clang, r-devel-linux-x86_64-fedora-gcc, r-patched-osx-x86_64, r-patched-solaris-x86, r-release-osx-x86_64, r-oldrel-osx-x86_64