CRAN Package Check Results for Package volleystat

Last updated on 2020-04-25 01:53:21 CEST.

Flavor Version Tinstall Tcheck Ttotal Status Flags
r-devel-linux-x86_64-debian-clang 0.2.0 2.68 60.15 62.83 OK
r-devel-linux-x86_64-debian-gcc 0.2.0 2.04 42.99 45.03 OK
r-devel-linux-x86_64-fedora-clang 0.2.0 71.47 NOTE
r-devel-linux-x86_64-fedora-gcc 0.2.0 72.11 NOTE
r-devel-windows-ix86+x86_64 0.2.0 10.00 97.00 107.00 OK
r-patched-linux-x86_64 0.2.0 2.27 57.53 59.80 OK
r-patched-osx-x86_64 0.2.0 NOTE
r-patched-solaris-x86 0.2.0 97.20 NOTE
r-release-linux-x86_64 0.2.0 2.22 32.13 34.35 OK
r-release-windows-ix86+x86_64 0.2.0 8.00 62.00 70.00 OK
r-release-osx-x86_64 0.2.0 NOTE
r-oldrel-windows-ix86+x86_64 0.2.0 4.00 54.00 58.00 OK
r-oldrel-osx-x86_64 0.2.0 NOTE

Check Details

Version: 0.2.0
Check: data for non-ASCII characters
Result: NOTE
     Note: found 4954 marked UTF-8 strings
Flavors: r-devel-linux-x86_64-fedora-clang, r-devel-linux-x86_64-fedora-gcc, r-patched-osx-x86_64, r-patched-solaris-x86, r-release-osx-x86_64, r-oldrel-osx-x86_64