Last updated on 2020-04-25 01:53:21 CEST.
Flavor | Version | Tinstall | Tcheck | Ttotal | Status | Flags |
---|---|---|---|---|---|---|
r-devel-linux-x86_64-debian-clang | 2.2.0 | 48.16 | 225.26 | 273.42 | OK | |
r-devel-linux-x86_64-debian-gcc | 2.2.0 | 38.30 | 172.86 | 211.16 | OK | |
r-devel-linux-x86_64-fedora-clang | 2.2.0 | 321.14 | NOTE | |||
r-devel-linux-x86_64-fedora-gcc | 2.2.0 | 327.97 | OK | |||
r-devel-windows-ix86+x86_64 | 2.2.0 | 98.00 | 348.00 | 446.00 | OK | |
r-patched-linux-x86_64 | 2.2.0 | 57.38 | 226.53 | 283.91 | OK | |
r-patched-osx-x86_64 | 2.2.0 | OK | ||||
r-patched-solaris-x86 | 2.2.0 | 482.10 | OK | |||
r-release-linux-x86_64 | 2.2.0 | 52.93 | 209.12 | 262.05 | OK | |
r-release-windows-ix86+x86_64 | 2.2.0 | 80.00 | 189.00 | 269.00 | OK | |
r-release-osx-x86_64 | 2.2.0 | OK | ||||
r-oldrel-windows-ix86+x86_64 | 2.2.0 | 39.00 | 285.00 | 324.00 | OK | |
r-oldrel-osx-x86_64 | 2.2.0 | OK |
Version: 2.2.0
Check: package dependencies
Result: NOTE
Imports includes 23 non-default packages.
Importing from so many packages makes the package vulnerable to any of
them becoming unavailable. Move as many as possible to Suggests and
use conditionally.
Flavor: r-devel-linux-x86_64-fedora-clang