CRAN Package Check Results for Package vivo

Last updated on 2020-04-25 01:53:21 CEST.

Flavor Version Tinstall Tcheck Ttotal Status Flags
r-devel-linux-x86_64-debian-clang 0.1.2 5.28 56.61 61.89 OK
r-devel-linux-x86_64-debian-gcc 0.1.2 3.93 45.08 49.01 OK
r-devel-linux-x86_64-fedora-clang 0.1.2 78.00 NOTE
r-devel-linux-x86_64-fedora-gcc 0.1.2 77.91 NOTE
r-devel-windows-ix86+x86_64 0.1.2 22.00 102.00 124.00 OK
r-patched-linux-x86_64 0.1.2 4.92 55.46 60.38 OK
r-patched-osx-x86_64 0.1.2 WARN
r-patched-solaris-x86 0.1.2 111.90 NOTE
r-release-linux-x86_64 0.1.2 3.81 53.11 56.92 OK
r-release-windows-ix86+x86_64 0.1.2 21.00 97.00 118.00 OK
r-release-osx-x86_64 0.1.2 NOTE
r-oldrel-windows-ix86+x86_64 0.1.2 6.00 89.00 95.00 OK
r-oldrel-osx-x86_64 0.1.2 NOTE

Check Details

Version: 0.1.2
Check: dependencies in R code
Result: NOTE
    Namespace in Imports field not imported from: ‘ingredients’
     All declared Imports should be used.
Flavors: r-devel-linux-x86_64-fedora-clang, r-devel-linux-x86_64-fedora-gcc, r-patched-osx-x86_64, r-patched-solaris-x86, r-release-osx-x86_64, r-oldrel-osx-x86_64

Version: 0.1.2
Check: re-building of vignette outputs
Result: WARN
    Error(s) in re-building vignettes:
    --- re-building ‘vignette_apartments.Rmd’ using rmarkdown
    
    Attaching package: 'dplyr'
    
    The following objects are masked from 'package:stats':
    
     filter, lag
    
    The following objects are masked from 'package:base':
    
     intersect, setdiff, setequal, union
    
    Welcome to DALEX (version: 1.0.1).
    Find examples and detailed introduction at: https://pbiecek.github.io/ema/
    
    
    Attaching package: 'DALEX'
    
    The following object is masked from 'package:dplyr':
    
     explain
    
    randomForest 4.6-14
    Type rfNews() to see new features/changes/bug fixes.
    
    Attaching package: 'randomForest'
    
    The following object is masked from 'package:ggplot2':
    
     margin
    
    The following object is masked from 'package:dplyr':
    
     combine
    
    
    Attaching package: 'ingredients'
    
    The following object is masked from 'package:DALEX':
    
     feature_importance
    
    dyld: lazy symbol binding failed: Symbol not found: ____chkstk_darwin
     Referenced from: /usr/local/bin/pandoc (which was built for Mac OS X 10.15)
     Expected in: /usr/lib/libSystem.B.dylib
    
    dyld: Symbol not found: ____chkstk_darwin
     Referenced from: /usr/local/bin/pandoc (which was built for Mac OS X 10.15)
     Expected in: /usr/lib/libSystem.B.dylib
    
    Error: processing vignette 'vignette_apartments.Rmd' failed with diagnostics:
    pandoc document conversion failed with error 6
    --- failed re-building ‘vignette_apartments.Rmd’
    
    SUMMARY: processing the following file failed:
     ‘vignette_apartments.Rmd’
    
    Error: Vignette re-building failed.
    Execution halted
Flavor: r-patched-osx-x86_64