CRAN Package Check Results for Package vitae

Last updated on 2020-04-25 01:53:21 CEST.

Flavor Version Tinstall Tcheck Ttotal Status Flags
r-devel-linux-x86_64-debian-clang 0.2.1 5.13 44.67 49.80 OK
r-devel-linux-x86_64-debian-gcc 0.2.1 4.37 34.91 39.28 OK
r-devel-linux-x86_64-fedora-clang 0.2.1 62.31 OK
r-devel-linux-x86_64-fedora-gcc 0.2.1 61.68 OK
r-devel-windows-ix86+x86_64 0.2.1 26.00 88.00 114.00 OK
r-patched-linux-x86_64 0.2.1 4.43 42.68 47.11 OK
r-patched-osx-x86_64 0.2.1 WARN
r-patched-solaris-x86 0.2.1 87.70 OK
r-release-linux-x86_64 0.2.1 4.12 39.71 43.83 OK
r-release-windows-ix86+x86_64 0.2.1 17.00 57.00 74.00 OK
r-release-osx-x86_64 0.2.1 OK
r-oldrel-windows-ix86+x86_64 0.2.1 7.00 83.00 90.00 OK
r-oldrel-osx-x86_64 0.2.1 OK

Check Details

Version: 0.2.1
Check: re-building of vignette outputs
Result: WARN
    Error(s) in re-building vignettes:
    --- re-building ‘data.Rmd’ using rmarkdown
    dyld: lazy symbol binding failed: Symbol not found: ____chkstk_darwin
     Referenced from: /usr/local/bin/pandoc (which was built for Mac OS X 10.15)
     Expected in: /usr/lib/libSystem.B.dylib
    
    dyld: Symbol not found: ____chkstk_darwin
     Referenced from: /usr/local/bin/pandoc (which was built for Mac OS X 10.15)
     Expected in: /usr/lib/libSystem.B.dylib
    
    Error: processing vignette 'data.Rmd' failed with diagnostics:
    pandoc document conversion failed with error 6
    --- failed re-building ‘data.Rmd’
    
    --- re-building ‘extending.Rmd’ using rmarkdown
    dyld: lazy symbol binding failed: Symbol not found: ____chkstk_darwin
     Referenced from: /usr/local/bin/pandoc (which was built for Mac OS X 10.15)
     Expected in: /usr/lib/libSystem.B.dylib
    
    dyld: Symbol not found: ____chkstk_darwin
     Referenced from: /usr/local/bin/pandoc (which was built for Mac OS X 10.15)
     Expected in: /usr/lib/libSystem.B.dylib
    
    Error: processing vignette 'extending.Rmd' failed with diagnostics:
    pandoc document conversion failed with error 6
    --- failed re-building ‘extending.Rmd’
    
    --- re-building ‘vitae.Rmd’ using rmarkdown
    dyld: lazy symbol binding failed: Symbol not found: ____chkstk_darwin
     Referenced from: /usr/local/bin/pandoc (which was built for Mac OS X 10.15)
     Expected in: /usr/lib/libSystem.B.dylib
    
    dyld: Symbol not found: ____chkstk_darwin
     Referenced from: /usr/local/bin/pandoc (which was built for Mac OS X 10.15)
     Expected in: /usr/lib/libSystem.B.dylib
    
    Error: processing vignette 'vitae.Rmd' failed with diagnostics:
    pandoc document conversion failed with error 6
    --- failed re-building ‘vitae.Rmd’
    
    SUMMARY: processing the following files failed:
     ‘data.Rmd’ ‘extending.Rmd’ ‘vitae.Rmd’
    
    Error: Vignette re-building failed.
    Execution halted
Flavor: r-patched-osx-x86_64