CRAN Package Check Results for Package vistributions

Last updated on 2020-04-25 01:53:21 CEST.

Flavor Version Tinstall Tcheck Ttotal Status Flags
r-devel-linux-x86_64-debian-clang 0.1.1 4.60 62.55 67.15 OK
r-devel-linux-x86_64-debian-gcc 0.1.1 3.39 47.73 51.12 OK
r-devel-linux-x86_64-fedora-clang 0.1.1 78.05 OK
r-devel-linux-x86_64-fedora-gcc 0.1.1 77.08 OK
r-devel-windows-ix86+x86_64 0.1.1 13.00 127.00 140.00 OK
r-patched-linux-x86_64 0.1.1 3.49 60.38 63.87 OK
r-patched-osx-x86_64 0.1.1 WARN
r-patched-solaris-x86 0.1.1 102.60 OK
r-release-linux-x86_64 0.1.1 3.24 59.33 62.57 OK
r-release-windows-ix86+x86_64 0.1.1 11.00 65.00 76.00 OK
r-release-osx-x86_64 0.1.1 OK
r-oldrel-windows-ix86+x86_64 0.1.1 5.00 104.00 109.00 OK
r-oldrel-osx-x86_64 0.1.1 OK

Check Details

Version: 0.1.1
Check: re-building of vignette outputs
Result: WARN
    Error(s) in re-building vignettes:
     ...
    --- re-building ‘introduction-to-vistributions.Rmd’ using rmarkdown
    dyld: lazy symbol binding failed: Symbol not found: ____chkstk_darwin
     Referenced from: /usr/local/bin/pandoc (which was built for Mac OS X 10.15)
     Expected in: /usr/lib/libSystem.B.dylib
    
    dyld: Symbol not found: ____chkstk_darwin
     Referenced from: /usr/local/bin/pandoc (which was built for Mac OS X 10.15)
     Expected in: /usr/lib/libSystem.B.dylib
    
    Error: processing vignette 'introduction-to-vistributions.Rmd' failed with diagnostics:
    pandoc document conversion failed with error 6
    --- failed re-building ‘introduction-to-vistributions.Rmd’
    
    SUMMARY: processing the following file failed:
     ‘introduction-to-vistributions.Rmd’
    
    Error: Vignette re-building failed.
    Execution halted
Flavor: r-patched-osx-x86_64