Last updated on 2020-04-25 01:53:21 CEST.
Flavor | Version | Tinstall | Tcheck | Ttotal | Status | Flags |
---|---|---|---|---|---|---|
r-devel-linux-x86_64-debian-clang | 0.3.0 | 1.64 | 21.91 | 23.55 | OK | |
r-devel-linux-x86_64-debian-gcc | 0.3.0 | 1.47 | 17.60 | 19.07 | OK | |
r-devel-linux-x86_64-fedora-clang | 0.3.0 | 29.97 | OK | |||
r-devel-linux-x86_64-fedora-gcc | 0.3.0 | 29.17 | OK | |||
r-devel-windows-ix86+x86_64 | 0.3.0 | 9.00 | 46.00 | 55.00 | OK | |
r-patched-linux-x86_64 | 0.3.0 | 1.78 | 21.86 | 23.64 | OK | |
r-patched-osx-x86_64 | 0.3.0 | OK | ||||
r-patched-solaris-x86 | 0.3.0 | 44.80 | OK | |||
r-release-linux-x86_64 | 0.3.0 | 1.31 | 19.95 | 21.26 | OK | |
r-release-windows-ix86+x86_64 | 0.3.0 | 8.00 | 33.00 | 41.00 | OK | |
r-release-osx-x86_64 | 0.3.0 | OK | ||||
r-oldrel-windows-ix86+x86_64 | 0.3.0 | 2.00 | 45.00 | 47.00 | OK | |
r-oldrel-osx-x86_64 | 0.3.0 | ERROR |
Version: 0.3.0
Check: examples
Result: ERROR
Running examples in ‘viridisLite-Ex.R’ failed
The error most likely occurred in:
> ### Name: viridis
> ### Title: Matplotlib 'viridis' and 'cividis' color map
> ### Aliases: viridis viridisMap magma inferno plasma cividis
>
> ### ** Examples
>
> library(ggplot2)
Warning: S3 methods ‘.DollarNames.C++Object’, ‘.DollarNames.Module’, ‘print.bytes’, ‘format.Rcpp_stack_trace’, ‘str.Rcpp_stack_trace’, ‘print.Rcpp_stack_trace’ were declared in NAMESPACE but not found
Error: package or namespace load failed for ‘ggplot2’ in library.dynam(lib, package, package.lib):
shared object ‘Rcpp.so’ not found
Execution halted
Flavor: r-oldrel-osx-x86_64