CRAN Package Check Results for Package viridis

Last updated on 2020-04-25 01:53:21 CEST.

Flavor Version Tinstall Tcheck Ttotal Status Flags
r-devel-linux-x86_64-debian-clang 0.5.1 4.17 58.49 62.66 NOTE
r-devel-linux-x86_64-debian-gcc 0.5.1 3.05 45.57 48.62 OK
r-devel-linux-x86_64-fedora-clang 0.5.1 76.82 NOTE
r-devel-linux-x86_64-fedora-gcc 0.5.1 75.31 NOTE
r-devel-windows-ix86+x86_64 0.5.1 23.00 88.00 111.00 OK --no-vignettes
r-patched-linux-x86_64 0.5.1 4.09 56.51 60.60 OK
r-patched-osx-x86_64 0.5.1 WARN
r-patched-solaris-x86 0.5.1 110.60 NOTE
r-release-linux-x86_64 0.5.1 3.31 53.98 57.29 OK
r-release-windows-ix86+x86_64 0.5.1 19.00 58.00 77.00 OK --no-vignettes
r-release-osx-x86_64 0.5.1 NOTE
r-oldrel-windows-ix86+x86_64 0.5.1 8.00 75.00 83.00 OK --no-vignettes
r-oldrel-osx-x86_64 0.5.1 NOTE

Check Details

Version: 0.5.1
Check: package dependencies
Result: NOTE
    Package suggested but not available for checking: 'vdiffr'
Flavor: r-devel-linux-x86_64-debian-clang

Version: 0.5.1
Check: dependencies in R code
Result: NOTE
    Namespace in Imports field not imported from: ‘stats’
     All declared Imports should be used.
Flavors: r-devel-linux-x86_64-fedora-clang, r-devel-linux-x86_64-fedora-gcc, r-patched-osx-x86_64, r-patched-solaris-x86, r-release-osx-x86_64, r-oldrel-osx-x86_64

Version: 0.5.1
Check: re-building of vignette outputs
Result: WARN
    Error(s) in re-building vignettes:
    --- re-building ‘intro-to-viridis.Rmd’ using rmarkdown
    
    Attaching package: 'scales'
    
    The following object is masked from 'package:viridis':
    
     viridis_pal
    
    Loading required package: raster
    Loading required package: sp
    
    Attaching package: 'raster'
    
    The following object is masked from 'package:colorspace':
    
     RGB
    
    Loading required package: lattice
    Loading required package: latticeExtra
    
    Attaching package: 'latticeExtra'
    
    The following object is masked from 'package:ggplot2':
    
     layer
    
    dyld: lazy symbol binding failed: Symbol not found: ____chkstk_darwin
     Referenced from: /usr/local/bin/pandoc (which was built for Mac OS X 10.15)
     Expected in: /usr/lib/libSystem.B.dylib
    
    dyld: Symbol not found: ____chkstk_darwin
     Referenced from: /usr/local/bin/pandoc (which was built for Mac OS X 10.15)
     Expected in: /usr/lib/libSystem.B.dylib
    
    Error: processing vignette 'intro-to-viridis.Rmd' failed with diagnostics:
    pandoc document conversion failed with error 6
    --- failed re-building ‘intro-to-viridis.Rmd’
    
    SUMMARY: processing the following file failed:
     ‘intro-to-viridis.Rmd’
    
    Error: Vignette re-building failed.
    Execution halted
Flavor: r-patched-osx-x86_64