Last updated on 2020-04-25 01:53:21 CEST.
Flavor | Version | Tinstall | Tcheck | Ttotal | Status | Flags |
---|---|---|---|---|---|---|
r-devel-linux-x86_64-debian-clang | 0.8.8 | 23.23 | 94.81 | 118.04 | OK | |
r-devel-linux-x86_64-debian-gcc | 0.8.8 | 18.16 | 72.55 | 90.71 | OK | |
r-devel-linux-x86_64-fedora-clang | 0.8.8 | 143.58 | NOTE | |||
r-devel-linux-x86_64-fedora-gcc | 0.8.8 | 141.57 | NOTE | |||
r-devel-windows-ix86+x86_64 | 0.8.8 | 62.00 | 162.00 | 224.00 | OK | |
r-patched-linux-x86_64 | 0.8.8 | 22.77 | 91.92 | 114.69 | OK | |
r-patched-osx-x86_64 | 0.8.8 | NOTE | ||||
r-patched-solaris-x86 | 0.8.8 | 201.60 | NOTE | |||
r-release-linux-x86_64 | 0.8.8 | 17.75 | 84.70 | 102.45 | OK | |
r-release-windows-ix86+x86_64 | 0.8.8 | 59.00 | 104.00 | 163.00 | OK | |
r-release-osx-x86_64 | 0.8.8 | NOTE | ||||
r-oldrel-windows-ix86+x86_64 | 0.8.8 | 37.00 | 133.00 | 170.00 | OK | |
r-oldrel-osx-x86_64 | 0.8.8 | NOTE |
Version: 0.8.8
Check: dependencies in R code
Result: NOTE
Namespace in Imports field not imported from: ‘methods’
All declared Imports should be used.
Flavors: r-devel-linux-x86_64-fedora-clang, r-devel-linux-x86_64-fedora-gcc, r-patched-osx-x86_64, r-patched-solaris-x86, r-release-osx-x86_64, r-oldrel-osx-x86_64