CRAN Package Check Results for Package valueEQ5D

Last updated on 2020-04-25 01:53:21 CEST.

Flavor Version Tinstall Tcheck Ttotal Status Flags
r-devel-linux-x86_64-debian-clang 0.5.1 4.07 39.90 43.97 OK
r-devel-linux-x86_64-debian-gcc 0.5.1 3.48 30.79 34.27 OK
r-devel-linux-x86_64-fedora-clang 0.5.1 54.03 NOTE
r-devel-linux-x86_64-fedora-gcc 0.5.1 53.75 NOTE
r-devel-windows-ix86+x86_64 0.5.1 15.00 77.00 92.00 OK
r-patched-linux-x86_64 0.5.1 3.88 40.01 43.89 OK
r-patched-osx-x86_64 0.5.1 WARN
r-patched-solaris-x86 0.5.1 74.20 NOTE
r-release-linux-x86_64 0.5.1 3.22 36.52 39.74 OK
r-release-windows-ix86+x86_64 0.5.1 11.00 47.00 58.00 OK
r-release-osx-x86_64 0.5.1 NOTE
r-oldrel-windows-ix86+x86_64 0.5.1 4.00 65.00 69.00 OK
r-oldrel-osx-x86_64 0.5.1 NOTE

Check Details

Version: 0.5.1
Check: dependencies in R code
Result: NOTE
    Namespaces in Imports field not imported from:
     ‘rstudioapi’ ‘testthat’
     All declared Imports should be used.
Flavors: r-devel-linux-x86_64-fedora-clang, r-devel-linux-x86_64-fedora-gcc, r-patched-osx-x86_64, r-patched-solaris-x86, r-release-osx-x86_64, r-oldrel-osx-x86_64

Version: 0.5.1
Check: re-building of vignette outputs
Result: WARN
    Error(s) in re-building vignettes:
     ...
    --- re-building ‘User_Guide.Rmd’ using rmarkdown
    dyld: lazy symbol binding failed: Symbol not found: ____chkstk_darwin
     Referenced from: /usr/local/bin/pandoc (which was built for Mac OS X 10.15)
     Expected in: /usr/lib/libSystem.B.dylib
    
    dyld: Symbol not found: ____chkstk_darwin
     Referenced from: /usr/local/bin/pandoc (which was built for Mac OS X 10.15)
     Expected in: /usr/lib/libSystem.B.dylib
    
    Error: processing vignette 'User_Guide.Rmd' failed with diagnostics:
    pandoc document conversion failed with error 6
    --- failed re-building ‘User_Guide.Rmd’
    
    SUMMARY: processing the following file failed:
     ‘User_Guide.Rmd’
    
    Error: Vignette re-building failed.
    Execution halted
Flavor: r-patched-osx-x86_64