CRAN Package Check Results for Package utf8

Last updated on 2020-04-25 01:53:21 CEST.

Flavor Version Tinstall Tcheck Ttotal Status Flags
r-devel-linux-x86_64-debian-clang 1.1.4 8.42 26.93 35.35 OK
r-devel-linux-x86_64-debian-gcc 1.1.4 5.38 21.65 27.03 OK
r-devel-linux-x86_64-fedora-clang 1.1.4 45.36 OK
r-devel-linux-x86_64-fedora-gcc 1.1.4 43.17 OK
r-devel-windows-ix86+x86_64 1.1.4 50.00 78.00 128.00 OK
r-patched-linux-x86_64 1.1.4 6.24 26.51 32.75 OK
r-patched-osx-x86_64 1.1.4 OK
r-patched-solaris-x86 1.1.4 65.90 WARN
r-release-linux-x86_64 1.1.4 5.92 24.53 30.45 OK
r-release-windows-ix86+x86_64 1.1.4 54.00 50.00 104.00 OK
r-release-osx-x86_64 1.1.4 OK
r-oldrel-windows-ix86+x86_64 1.1.4 31.00 70.00 101.00 OK
r-oldrel-osx-x86_64 1.1.4 OK

Check Details

Version: 1.1.4
Check: for unstated dependencies in ‘tests’
Result: WARN
    Warning in deparse(e[[2L]]) :
     it is not known that wchar_t is Unicode on this platform
    Warning in deparse(e[[2L]]) :
     it is not known that wchar_t is Unicode on this platform
    Warning in deparse(e[[2L]]) :
     it is not known that wchar_t is Unicode on this platform
    Warning in deparse(e[[2L]]) :
     it is not known that wchar_t is Unicode on this platform
    Warning in deparse(e[[2L]]) :
     it is not known that wchar_t is Unicode on this platform
    Warning in deparse(e[[2L]]) :
     it is not known that wchar_t is Unicode on this platform
    Warning in deparse(e[[2L]]) :
     it is not known that wchar_t is Unicode on this platform
    Warning in deparse(e[[2L]]) :
     it is not known that wchar_t is Unicode on this platform
    Warning in deparse(e[[2L]]) :
     it is not known that wchar_t is Unicode on this platform
    Warning in deparse(e[[2L]]) :
     it is not known that wchar_t is Unicode on this platform
    Warning in deparse(e[[2L]]) :
     it is not known that wchar_t is Unicode on this platform
    Warning in deparse(e[[2L]]) :
     it is not known that wchar_t is Unicode on this platform
    Warning in deparse(e[[2L]]) :
     it is not known that wchar_t is Unicode on this platform
    Warning in deparse(e[[2L]]) :
     it is not known that wchar_t is Unicode on this platform
    Warning in deparse(e[[2L]]) :
     it is not known that wchar_t is Unicode on this platform
    Warning in deparse(e[[2L]]) :
     it is not known that wchar_t is Unicode on this platform
Flavor: r-patched-solaris-x86