CRAN Package Check Results for Package uplifteval

Last updated on 2020-04-25 01:53:21 CEST.

Flavor Version Tinstall Tcheck Ttotal Status Flags
r-devel-linux-x86_64-debian-clang 0.1.0 5.26 160.92 166.18 OK
r-devel-linux-x86_64-debian-gcc 0.1.0 4.61 137.00 141.61 OK
r-devel-linux-x86_64-fedora-clang 0.1.0 202.27 OK
r-devel-linux-x86_64-fedora-gcc 0.1.0 225.18 OK
r-devel-windows-ix86+x86_64 0.1.0 21.00 126.00 147.00 OK
r-patched-linux-x86_64 0.1.0 5.83 172.90 178.73 OK
r-patched-osx-x86_64 0.1.0 WARN
r-patched-solaris-x86 0.1.0 1582.20 OK
r-release-linux-x86_64 0.1.0 4.61 168.77 173.38 OK
r-release-windows-ix86+x86_64 0.1.0 15.00 90.00 105.00 OK
r-release-osx-x86_64 0.1.0 OK
r-oldrel-windows-ix86+x86_64 0.1.0 6.00 121.00 127.00 OK
r-oldrel-osx-x86_64 0.1.0 OK

Check Details

Version: 0.1.0
Check: re-building of vignette outputs
Result: WARN
    Error(s) in re-building vignettes:
    --- re-building ‘existing_packages.Rmd’ using rmarkdown
    dyld: lazy symbol binding failed: Symbol not found: ____chkstk_darwin
     Referenced from: /usr/local/bin/pandoc (which was built for Mac OS X 10.15)
     Expected in: /usr/lib/libSystem.B.dylib
    
    dyld: Symbol not found: ____chkstk_darwin
     Referenced from: /usr/local/bin/pandoc (which was built for Mac OS X 10.15)
     Expected in: /usr/lib/libSystem.B.dylib
    
    Error: processing vignette 'existing_packages.Rmd' failed with diagnostics:
    pandoc document conversion failed with error 6
    --- failed re-building ‘existing_packages.Rmd’
    
    --- re-building ‘plot_uplift.Rmd’ using rmarkdown
    dyld: lazy symbol binding failed: Symbol not found: ____chkstk_darwin
     Referenced from: /usr/local/bin/pandoc (which was built for Mac OS X 10.15)
     Expected in: /usr/lib/libSystem.B.dylib
    
    dyld: Symbol not found: ____chkstk_darwin
     Referenced from: /usr/local/bin/pandoc (which was built for Mac OS X 10.15)
     Expected in: /usr/lib/libSystem.B.dylib
    
    Error: processing vignette 'plot_uplift.Rmd' failed with diagnostics:
    pandoc document conversion failed with error 6
    --- failed re-building ‘plot_uplift.Rmd’
    
    --- re-building ‘pylift.Rmd’ using rmarkdown
    dyld: lazy symbol binding failed: Symbol not found: ____chkstk_darwin
     Referenced from: /usr/local/bin/pandoc (which was built for Mac OS X 10.15)
     Expected in: /usr/lib/libSystem.B.dylib
    
    dyld: Symbol not found: ____chkstk_darwin
     Referenced from: /usr/local/bin/pandoc (which was built for Mac OS X 10.15)
     Expected in: /usr/lib/libSystem.B.dylib
    
    Error: processing vignette 'pylift.Rmd' failed with diagnostics:
    pandoc document conversion failed with error 6
    --- failed re-building ‘pylift.Rmd’
    
    SUMMARY: processing the following files failed:
     ‘existing_packages.Rmd’ ‘plot_uplift.Rmd’ ‘pylift.Rmd’
    
    Error: Vignette re-building failed.
    Execution halted
Flavor: r-patched-osx-x86_64