Last updated on 2020-04-25 01:53:21 CEST.
Flavor | Version | Tinstall | Tcheck | Ttotal | Status | Flags |
---|---|---|---|---|---|---|
r-devel-linux-x86_64-debian-clang | 0.6-6 | 27.99 | 55.65 | 83.64 | OK | |
r-devel-linux-x86_64-debian-gcc | 0.6-6 | 16.46 | 42.91 | 59.37 | OK | |
r-devel-linux-x86_64-fedora-clang | 0.6-6 | 107.77 | OK | |||
r-devel-linux-x86_64-fedora-gcc | 0.6-6 | 99.82 | OK | |||
r-devel-windows-ix86+x86_64 | 0.6-6 | 62.00 | 141.00 | 203.00 | NOTE | |
r-patched-linux-x86_64 | 0.6-6 | 20.66 | 54.03 | 74.69 | OK | |
r-patched-osx-x86_64 | 0.6-6 | OK | ||||
r-patched-solaris-x86 | 0.6-6 | 113.40 | OK | |||
r-release-linux-x86_64 | 0.6-6 | 19.27 | 50.99 | 70.26 | OK | |
r-release-windows-ix86+x86_64 | 0.6-6 | 64.00 | 137.00 | 201.00 | OK | |
r-release-osx-x86_64 | 0.6-6 | OK | ||||
r-oldrel-windows-ix86+x86_64 | 0.6-6 | 41.00 | 104.00 | 145.00 | OK | |
r-oldrel-osx-x86_64 | 0.6-6 | OK |
Version: 0.6-6
Check: installed package size
Result: NOTE
installed size is 5.2Mb
sub-directories of 1Mb or more:
doc 2.2Mb
libs 2.6Mb
Flavor: r-devel-windows-ix86+x86_64