CRAN Package Check Results for Package uniformly

Last updated on 2020-04-25 01:53:21 CEST.

Flavor Version Tinstall Tcheck Ttotal Status Flags
r-devel-linux-x86_64-debian-clang 0.1.0 2.84 26.17 29.01 OK
r-devel-linux-x86_64-debian-gcc 0.1.0 2.10 20.89 22.99 OK
r-devel-linux-x86_64-fedora-clang 0.1.0 36.25 OK
r-devel-linux-x86_64-fedora-gcc 0.1.0 35.27 OK
r-devel-windows-ix86+x86_64 0.1.0 8.00 57.00 65.00 OK
r-patched-linux-x86_64 0.1.0 2.28 25.60 27.88 OK
r-patched-osx-x86_64 0.1.0 WARN
r-patched-solaris-x86 0.1.0 49.70 WARN
r-release-linux-x86_64 0.1.0 2.05 24.19 26.24 OK
r-release-windows-ix86+x86_64 0.1.0 10.00 37.00 47.00 OK
r-release-osx-x86_64 0.1.0 WARN
r-oldrel-windows-ix86+x86_64 0.1.0 5.00 57.00 62.00 OK
r-oldrel-osx-x86_64 0.1.0 WARN

Check Details

Version: 0.1.0
Check: re-building of vignette outputs
Result: WARN
    Error(s) in re-building vignettes:
     ...
    --- re-building ‘convexhull.Rmd’ using rmarkdown
    Warning in engine$weave(file, quiet = quiet, encoding = enc) :
     Pandoc (>= 1.12.3) and/or pandoc-citeproc not available. Falling back to R Markdown v1.
    Quitting from lines 93-98 (convexhull.Rmd)
    Error: processing vignette 'convexhull.Rmd' failed with diagnostics:
    cannot open the connection
    --- failed re-building ‘convexhull.Rmd’
    
    SUMMARY: processing the following file failed:
     ‘convexhull.Rmd’
    
    Error: Vignette re-building failed.
    Execution halted
Flavors: r-patched-osx-x86_64, r-patched-solaris-x86, r-release-osx-x86_64

Version: 0.1.0
Check: re-building of vignette outputs
Result: WARN
    Error in re-building vignettes:
     ...
    Warning in engine$weave(file, quiet = quiet, encoding = enc) :
     Pandoc (>= 1.12.3) and/or pandoc-citeproc not available. Falling back to R Markdown v1.
    Loading required package: magic
    Loading required package: abind
    
     PLEASE NOTE: As of version 0.3-5, no degenerate (zero area)
     regions are returned with the "Qt" option since the R
     code removes them from the triangulation.
     See help("delaunayn").
    
    
    Quitting from lines 93-98 (convexhull.Rmd)
    Error: processing vignette 'convexhull.Rmd' failed with diagnostics:
    cannot open the connection
    Execution halted
Flavor: r-oldrel-osx-x86_64