CRAN Package Check Results for Package ukpolice

Last updated on 2020-04-25 01:53:21 CEST.

Flavor Version Tinstall Tcheck Ttotal Status Flags
r-devel-linux-x86_64-debian-clang 0.1.4 3.32 33.08 36.40 OK
r-devel-linux-x86_64-debian-gcc 0.1.4 2.64 26.26 28.90 OK
r-devel-linux-x86_64-fedora-clang 0.1.4 47.08 OK
r-devel-linux-x86_64-fedora-gcc 0.1.4 46.32 OK
r-devel-windows-ix86+x86_64 0.1.4 16.00 70.00 86.00 OK
r-patched-linux-x86_64 0.1.4 3.16 32.38 35.54 OK
r-patched-osx-x86_64 0.1.4 OK
r-patched-solaris-x86 0.1.4 64.40 OK
r-release-linux-x86_64 0.1.4 2.76 29.93 32.69 OK
r-release-windows-ix86+x86_64 0.1.4 9.00 76.00 85.00 OK
r-release-osx-x86_64 0.1.4 OK
r-oldrel-windows-ix86+x86_64 0.1.4 4.00 63.00 67.00 OK
r-oldrel-osx-x86_64 0.1.2 WARN

Check Details

Version: 0.1.2
Check: re-building of vignette outputs
Result: WARN
    Error in re-building vignettes:
     ...
    Warning in engine$weave(file, quiet = quiet, encoding = enc) :
     Pandoc (>= 1.12.3) and/or pandoc-citeproc not available. Falling back to R Markdown v1.
    Quitting from lines 66-94 (introduction.Rmd)
    Error: processing vignette 'introduction.Rmd' failed with diagnostics:
    cannot open the connection
    Execution halted
Flavor: r-oldrel-osx-x86_64