CRAN Package Check Results for Package uHMM

Last updated on 2020-04-25 01:53:21 CEST.

Flavor Version Tinstall Tcheck Ttotal Status Flags
r-devel-linux-x86_64-debian-clang 1.0 12.89 65.75 78.64 OK
r-devel-linux-x86_64-debian-gcc 1.0 9.80 51.27 61.07 OK
r-devel-linux-x86_64-fedora-clang 1.0 98.92 WARN
r-devel-linux-x86_64-fedora-gcc 1.0 96.16 OK
r-devel-windows-ix86+x86_64 1.0 39.00 91.00 130.00 OK
r-patched-linux-x86_64 1.0 13.61 64.38 77.99 OK
r-patched-osx-x86_64 1.0 OK
r-patched-solaris-x86 1.0 147.40 OK
r-release-linux-x86_64 1.0 11.45 59.50 70.95 OK
r-release-windows-ix86+x86_64 1.0 30.00 69.00 99.00 OK
r-release-osx-x86_64 1.0 FAIL
r-oldrel-windows-ix86+x86_64 1.0 17.00 97.00 114.00 OK
r-oldrel-osx-x86_64 1.0 OK

Check Details

Version: 1.0
Check: package dependencies
Result: WARN
    Requires orphaned package: ‘clValid’
Flavor: r-devel-linux-x86_64-fedora-clang

Version: 1.0
Check: whether package can be installed
Result: FAIL
Flavor: r-release-osx-x86_64