CRAN Package Check Results for Package uGMAR

Last updated on 2020-04-25 01:53:21 CEST.

Flavor Version Tinstall Tcheck Ttotal Status Flags
r-devel-linux-x86_64-debian-clang 3.2.5 7.97 79.11 87.08 OK
r-devel-linux-x86_64-debian-gcc 3.2.5 7.02 59.07 66.09 OK
r-devel-linux-x86_64-fedora-clang 3.2.5 103.93 OK
r-devel-linux-x86_64-fedora-gcc 3.2.5 103.18 OK
r-devel-windows-ix86+x86_64 3.2.5 18.00 108.00 126.00 OK
r-patched-linux-x86_64 3.2.5 9.25 77.36 86.61 OK
r-patched-osx-x86_64 3.2.5 WARN
r-patched-solaris-x86 3.2.5 136.80 OK
r-release-linux-x86_64 3.2.5 7.01 70.35 77.36 OK
r-release-windows-ix86+x86_64 3.2.5 18.00 89.00 107.00 OK
r-release-osx-x86_64 3.2.5 OK
r-oldrel-windows-ix86+x86_64 3.2.5 10.00 111.00 121.00 OK
r-oldrel-osx-x86_64 3.2.4 OK

Check Details

Version: 3.2.5
Check: re-building of vignette outputs
Result: WARN
    Error(s) in re-building vignettes:
     ...
    --- re-building ‘intro-to-uGMAR.Rmd’ using rmarkdown
    dyld: lazy symbol binding failed: Symbol not found: ____chkstk_darwin
     Referenced from: /usr/local/bin/pandoc (which was built for Mac OS X 10.15)
     Expected in: /usr/lib/libSystem.B.dylib
    
    dyld: Symbol not found: ____chkstk_darwin
     Referenced from: /usr/local/bin/pandoc (which was built for Mac OS X 10.15)
     Expected in: /usr/lib/libSystem.B.dylib
    
    Error: processing vignette 'intro-to-uGMAR.Rmd' failed with diagnostics:
    pandoc document conversion failed with error 6
    --- failed re-building ‘intro-to-uGMAR.Rmd’
    
    SUMMARY: processing the following file failed:
     ‘intro-to-uGMAR.Rmd’
    
    Error: Vignette re-building failed.
    Execution halted
Flavor: r-patched-osx-x86_64