Last updated on 2020-04-25 01:53:21 CEST.
Flavor | Version | Tinstall | Tcheck | Ttotal | Status | Flags |
---|---|---|---|---|---|---|
r-devel-linux-x86_64-debian-clang | 0.1.1 | 131.65 | 114.75 | 246.40 | WARN | |
r-devel-linux-x86_64-debian-gcc | 0.1.1 | 86.46 | 87.69 | 174.15 | OK | |
r-devel-linux-x86_64-fedora-clang | 0.1.1 | 338.92 | NOTE | |||
r-devel-linux-x86_64-fedora-gcc | 0.1.1 | 302.90 | OK | |||
r-devel-windows-ix86+x86_64 | 0.1.1 | 428.00 | 582.00 | 1010.00 | NOTE | |
r-patched-linux-x86_64 | 0.1.1 | 104.18 | 112.92 | 217.10 | OK | |
r-patched-osx-x86_64 | 0.1.1 | ERROR | ||||
r-patched-solaris-x86 | 0.1.1 | 393.80 | NOTE | |||
r-release-linux-x86_64 | 0.1.1 | 103.50 | 104.94 | 208.44 | OK | |
r-release-windows-ix86+x86_64 | 0.1.1 | 402.00 | 499.00 | 901.00 | NOTE | |
r-release-osx-x86_64 | 0.1.1 | ERROR | ||||
r-oldrel-windows-ix86+x86_64 | 0.1.1 | 288.00 | 569.00 | 857.00 | NOTE | |
r-oldrel-osx-x86_64 | 0.1.1 | ERROR |
Version: 0.1.1
Check: whether package can be installed
Result: WARN
Found the following significant warnings:
/home/hornik/tmp/R.check/r-devel-clang/Work/build/Packages/RcppArmadillo/include/armadillo_bits/diskio_meat.hpp:4396:24: warning: overlapping comparisons always evaluate to true [-Wtautological-overlap-compare]
Flavor: r-devel-linux-x86_64-debian-clang
Version: 0.1.1
Check: installed package size
Result: NOTE
installed size is 7.6Mb
sub-directories of 1Mb or more:
data 2.0Mb
extdata 2.3Mb
libs 3.0Mb
Flavors: r-devel-linux-x86_64-fedora-clang, r-devel-windows-ix86+x86_64, r-patched-solaris-x86, r-release-windows-ix86+x86_64, r-oldrel-windows-ix86+x86_64
Version: 0.1.1
Check: whether package can be installed
Result: ERROR
Installation failed.
Flavors: r-patched-osx-x86_64, r-release-osx-x86_64, r-oldrel-osx-x86_64