CRAN Package Check Results for Package tvthemes

Last updated on 2020-04-25 01:53:21 CEST.

Flavor Version Tinstall Tcheck Ttotal Status Flags
r-devel-linux-x86_64-debian-clang 1.1.0 6.74 81.42 88.16 OK
r-devel-linux-x86_64-debian-gcc 1.1.0 5.06 60.99 66.05 OK
r-devel-linux-x86_64-fedora-clang 1.1.0 105.01 OK
r-devel-linux-x86_64-fedora-gcc 1.1.0 103.35 OK
r-devel-windows-ix86+x86_64 1.1.0 27.00 112.00 139.00 OK
r-patched-linux-x86_64 1.1.0 4.92 76.91 81.83 OK
r-patched-osx-x86_64 1.1.0 WARN
r-patched-solaris-x86 1.1.0 143.90 NOTE
r-release-linux-x86_64 1.1.0 5.87 75.73 81.60 OK
r-release-windows-ix86+x86_64 1.1.0 21.00 102.00 123.00 OK
r-release-osx-x86_64 1.1.0 OK
r-oldrel-windows-ix86+x86_64 1.1.0 9.00 127.00 136.00 OK
r-oldrel-osx-x86_64 1.1.0 ERROR

Check Details

Version: 1.1.0
Check: re-building of vignette outputs
Result: WARN
    Error(s) in re-building vignettes:
    --- re-building ‘examples.Rmd’ using rmarkdown
    dyld: lazy symbol binding failed: Symbol not found: ____chkstk_darwin
     Referenced from: /usr/local/bin/pandoc (which was built for Mac OS X 10.15)
     Expected in: /usr/lib/libSystem.B.dylib
    
    dyld: Symbol not found: ____chkstk_darwin
     Referenced from: /usr/local/bin/pandoc (which was built for Mac OS X 10.15)
     Expected in: /usr/lib/libSystem.B.dylib
    
    Error: processing vignette 'examples.Rmd' failed with diagnostics:
    pandoc document conversion failed with error 6
    --- failed re-building ‘examples.Rmd’
    
    --- re-building ‘fonts-and-colors.Rmd’ using rmarkdown
    dyld: lazy symbol binding failed: Symbol not found: ____chkstk_darwin
     Referenced from: /usr/local/bin/pandoc (which was built for Mac OS X 10.15)
     Expected in: /usr/lib/libSystem.B.dylib
    
    dyld: Symbol not found: ____chkstk_darwin
     Referenced from: /usr/local/bin/pandoc (which was built for Mac OS X 10.15)
     Expected in: /usr/lib/libSystem.B.dylib
    
    Error: processing vignette 'fonts-and-colors.Rmd' failed with diagnostics:
    pandoc document conversion failed with error 6
    --- failed re-building ‘fonts-and-colors.Rmd’
    
    --- re-building ‘tvthemes-1_0_0.Rmd’ using rmarkdown
    dyld: lazy symbol binding failed: Symbol not found: ____chkstk_darwin
     Referenced from: /usr/local/bin/pandoc (which was built for Mac OS X 10.15)
     Expected in: /usr/lib/libSystem.B.dylib
    
    dyld: Symbol not found: ____chkstk_darwin
     Referenced from: /usr/local/bin/pandoc (which was built for Mac OS X 10.15)
     Expected in: /usr/lib/libSystem.B.dylib
    
    Error: processing vignette 'tvthemes-1_0_0.Rmd' failed with diagnostics:
    pandoc document conversion failed with error 6
    --- failed re-building ‘tvthemes-1_0_0.Rmd’
    
    SUMMARY: processing the following files failed:
     ‘examples.Rmd’ ‘fonts-and-colors.Rmd’ ‘tvthemes-1_0_0.Rmd’
    
    Error: Vignette re-building failed.
    Execution halted
Flavor: r-patched-osx-x86_64

Version: 1.1.0
Check: installed package size
Result: NOTE
     installed size is 5.3Mb
     sub-directories of 1Mb or more:
     doc 1.5Mb
     fonts 2.9Mb
Flavor: r-patched-solaris-x86

Version: 1.1.0
Check: package dependencies
Result: ERROR
    Package required and available but unsuitable version: ‘grDevices’
    
    See section ‘The DESCRIPTION file’ in the ‘Writing R Extensions’
    manual.
Flavor: r-oldrel-osx-x86_64