CRAN Package Check Results for Package ttutils

Last updated on 2020-04-25 01:53:21 CEST.

Flavor Version Tinstall Tcheck Ttotal Status Flags
r-devel-linux-x86_64-debian-clang 1.0-1 2.10 17.80 19.90 NOTE
r-devel-linux-x86_64-debian-gcc 1.0-1 1.65 14.54 16.19 NOTE
r-devel-linux-x86_64-fedora-clang 1.0-1 24.96 NOTE
r-devel-linux-x86_64-fedora-gcc 1.0-1 24.45 NOTE
r-devel-windows-ix86+x86_64 1.0-1 7.00 32.00 39.00 NOTE
r-patched-linux-x86_64 1.0-1 1.89 18.16 20.05 NOTE
r-patched-osx-x86_64 1.0-1 NOTE
r-patched-solaris-x86 1.0-1 37.90 NOTE
r-release-linux-x86_64 1.0-1 1.52 17.37 18.89 NOTE
r-release-windows-ix86+x86_64 1.0-1 5.00 44.00 49.00 NOTE
r-release-osx-x86_64 1.0-1 NOTE
r-oldrel-windows-ix86+x86_64 1.0-1 2.00 26.00 28.00 NOTE
r-oldrel-osx-x86_64 1.0-1 NOTE

Check Details

Version: 1.0-1
Check: R code for possible problems
Result: NOTE
    .saveDevice: no visible global function definition for 'dev.off'
    Undefined global functions or variables:
     dev.off
    Consider adding
     importFrom("grDevices", "dev.off")
    to your NAMESPACE file.
Flavors: r-devel-linux-x86_64-debian-clang, r-devel-linux-x86_64-debian-gcc, r-devel-linux-x86_64-fedora-clang, r-devel-linux-x86_64-fedora-gcc, r-devel-windows-ix86+x86_64, r-patched-linux-x86_64, r-patched-osx-x86_64, r-patched-solaris-x86, r-release-linux-x86_64, r-release-windows-ix86+x86_64, r-release-osx-x86_64, r-oldrel-windows-ix86+x86_64, r-oldrel-osx-x86_64