CRAN Package Check Results for Package tspmeta

Last updated on 2020-04-25 01:53:21 CEST.

Flavor Version Tinstall Tcheck Ttotal Status Flags
r-devel-linux-x86_64-debian-clang 1.2 14.34 121.96 136.30 OK
r-devel-linux-x86_64-debian-gcc 1.2 13.75 91.87 105.62 OK
r-devel-linux-x86_64-fedora-clang 1.2 162.48 NOTE
r-devel-linux-x86_64-fedora-gcc 1.2 162.31 NOTE
r-devel-windows-ix86+x86_64 1.2 52.00 189.00 241.00 OK
r-patched-linux-x86_64 1.2 13.95 115.04 128.99 OK
r-patched-osx-x86_64 1.2 OK
r-patched-solaris-x86 1.2 239.30 OK
r-release-linux-x86_64 1.2 12.09 106.45 118.54 OK
r-release-windows-ix86+x86_64 1.2 46.00 152.00 198.00 OK
r-release-osx-x86_64 1.2 OK
r-oldrel-windows-ix86+x86_64 1.2 21.00 156.00 177.00 OK
r-oldrel-osx-x86_64 1.2 OK

Check Details

Version: 1.2
Check: compiled code
Result: NOTE
    File ‘tspmeta/libs/tspmeta.so’:
     Found no calls to: ‘R_registerRoutines’, ‘R_useDynamicSymbols’
    
    It is good practice to register native routines and to disable symbol
    search.
    
    See ‘Writing portable packages’ in the ‘Writing R Extensions’ manual.
Flavors: r-devel-linux-x86_64-fedora-clang, r-devel-linux-x86_64-fedora-gcc