CRAN Package Check Results for Package tsmp

Last updated on 2020-04-25 01:53:21 CEST.

Flavor Version Tinstall Tcheck Ttotal Status Flags
r-devel-linux-x86_64-debian-clang 0.4.14 59.63 100.02 159.65 NOTE
r-devel-linux-x86_64-debian-gcc 0.4.14 39.09 76.22 115.31 NOTE
r-devel-linux-x86_64-fedora-clang 0.4.14 203.70 NOTE
r-devel-linux-x86_64-fedora-gcc 0.4.14 191.69 NOTE
r-devel-windows-ix86+x86_64 0.4.14 131.00 181.00 312.00 NOTE
r-patched-linux-x86_64 0.4.14 46.40 100.99 147.39 NOTE
r-patched-osx-x86_64 0.4.14 WARN
r-patched-solaris-x86 0.4.14 211.30 NOTE
r-release-linux-x86_64 0.4.14 41.62 92.18 133.80 NOTE
r-release-windows-ix86+x86_64 0.4.14 121.00 140.00 261.00 NOTE
r-release-osx-x86_64 0.4.14 NOTE
r-oldrel-windows-ix86+x86_64 0.4.14 81.00 145.00 226.00 NOTE
r-oldrel-osx-x86_64 0.4.11 NOTE

Additional issues

clang-UBSAN

Check Details

Version: 0.4.14
Check: package dependencies
Result: NOTE
    Package suggested but not available for checking: 'vdiffr'
Flavor: r-devel-linux-x86_64-debian-clang

Version: 0.4.14
Check: for GNU extensions in Makefiles
Result: NOTE
    GNU make is a SystemRequirements.
Flavors: r-devel-linux-x86_64-debian-clang, r-devel-linux-x86_64-debian-gcc, r-devel-linux-x86_64-fedora-clang, r-devel-linux-x86_64-fedora-gcc, r-devel-windows-ix86+x86_64, r-patched-linux-x86_64, r-patched-osx-x86_64, r-patched-solaris-x86, r-release-linux-x86_64, r-release-windows-ix86+x86_64, r-release-osx-x86_64, r-oldrel-windows-ix86+x86_64

Version: 0.4.14
Check: installed package size
Result: NOTE
     installed size is 8.8Mb
     sub-directories of 1Mb or more:
     data 4.6Mb
     libs 2.8Mb
Flavors: r-devel-linux-x86_64-fedora-clang, r-devel-windows-ix86+x86_64, r-patched-osx-x86_64, r-patched-solaris-x86, r-release-windows-ix86+x86_64, r-release-osx-x86_64, r-oldrel-windows-ix86+x86_64

Version: 0.4.14
Check: re-building of vignette outputs
Result: WARN
    Error(s) in re-building vignettes:
     ...
    --- re-building ‘press.Rmd’ using rmarkdown
    dyld: lazy symbol binding failed: Symbol not found: ____chkstk_darwin
     Referenced from: /usr/local/bin/pandoc (which was built for Mac OS X 10.15)
     Expected in: /usr/lib/libSystem.B.dylib
    
    dyld: Symbol not found: ____chkstk_darwin
     Referenced from: /usr/local/bin/pandoc (which was built for Mac OS X 10.15)
     Expected in: /usr/lib/libSystem.B.dylib
    
    Error: processing vignette 'press.Rmd' failed with diagnostics:
    pandoc document conversion failed with error 6
    --- failed re-building ‘press.Rmd’
    
    SUMMARY: processing the following file failed:
     ‘press.Rmd’
    
    Error: Vignette re-building failed.
    Execution halted
Flavor: r-patched-osx-x86_64

Version: 0.4.11
Check: installed package size
Result: NOTE
     installed size is 8.3Mb
     sub-directories of 1Mb or more:
     data 4.6Mb
     libs 2.4Mb
Flavor: r-oldrel-osx-x86_64

Version: 0.4.11
Check: for GNU extensions in Makefiles
Result: NOTE
    GNU make is a SystemRequirements.
Flavor: r-oldrel-osx-x86_64