CRAN Package Check Results for Package tribe

Last updated on 2020-04-25 01:53:21 CEST.

Flavor Version Tinstall Tcheck Ttotal Status Flags
r-devel-linux-x86_64-debian-clang 0.1.8 4.04 40.95 44.99 OK
r-devel-linux-x86_64-debian-gcc 0.1.8 3.95 32.54 36.49 OK
r-devel-linux-x86_64-fedora-clang 0.1.8 59.66 OK
r-devel-linux-x86_64-fedora-gcc 0.1.8 57.18 OK
r-devel-windows-ix86+x86_64 0.1.8 21.00 65.00 86.00 OK
r-patched-linux-x86_64 0.1.8 4.43 39.50 43.93 OK
r-patched-osx-x86_64 0.1.8 WARN
r-patched-solaris-x86 0.1.8 90.30 OK
r-release-linux-x86_64 0.1.8 3.93 36.48 40.41 OK
r-release-windows-ix86+x86_64 0.1.8 14.00 55.00 69.00 OK
r-release-osx-x86_64 0.1.8 OK
r-oldrel-windows-ix86+x86_64 0.1.8 6.00 76.00 82.00 OK
r-oldrel-osx-x86_64 0.1.8 OK

Check Details

Version: 0.1.8
Check: re-building of vignette outputs
Result: WARN
    Error(s) in re-building vignettes:
    --- re-building ‘tribe-vignette.Rmd’ using rmarkdown
    
    Attaching package: 'dplyr'
    
    The following objects are masked from 'package:stats':
    
     filter, lag
    
    The following objects are masked from 'package:base':
    
     intersect, setdiff, setequal, union
    
    Warning: the call 'propagate = 'none' should be used with care,
     see '?shield' for details
    dyld: lazy symbol binding failed: Symbol not found: ____chkstk_darwin
     Referenced from: /usr/local/bin/pandoc (which was built for Mac OS X 10.15)
     Expected in: /usr/lib/libSystem.B.dylib
    
    dyld: Symbol not found: ____chkstk_darwin
     Referenced from: /usr/local/bin/pandoc (which was built for Mac OS X 10.15)
     Expected in: /usr/lib/libSystem.B.dylib
    
    Error: processing vignette 'tribe-vignette.Rmd' failed with diagnostics:
    pandoc document conversion failed with error 6
    --- failed re-building ‘tribe-vignette.Rmd’
    
    SUMMARY: processing the following file failed:
     ‘tribe-vignette.Rmd’
    
    Error: Vignette re-building failed.
    Execution halted
Flavor: r-patched-osx-x86_64