CRAN Package Check Results for Package treebase

Last updated on 2020-04-25 01:53:20 CEST.

Flavor Version Tinstall Tcheck Ttotal Status Flags
r-devel-linux-x86_64-debian-clang 0.1.4 5.49 53.44 58.93 OK
r-devel-linux-x86_64-debian-gcc 0.1.4 4.47 42.21 46.68 OK
r-devel-linux-x86_64-fedora-clang 0.1.4 71.77 OK
r-devel-linux-x86_64-fedora-gcc 0.1.4 71.83 OK
r-devel-windows-ix86+x86_64 0.1.4 21.00 75.00 96.00 OK
r-patched-linux-x86_64 0.1.4 5.43 52.58 58.01 OK
r-patched-osx-x86_64 0.1.4 WARN
r-patched-solaris-x86 0.1.4 107.30 OK
r-release-linux-x86_64 0.1.4 4.14 48.09 52.23 OK
r-release-windows-ix86+x86_64 0.1.4 12.00 64.00 76.00 OK
r-release-osx-x86_64 0.1.4 OK
r-oldrel-windows-ix86+x86_64 0.1.4 5.00 61.00 66.00 OK
r-oldrel-osx-x86_64 0.1.4 OK

Check Details

Version: 0.1.4
Check: re-building of vignette outputs
Result: WARN
    Error(s) in re-building vignettes:
     ...
    --- re-building ‘vignette.Rmd’ using rmarkdown
    dyld: lazy symbol binding failed: Symbol not found: ____chkstk_darwin
     Referenced from: /usr/local/bin/pandoc (which was built for Mac OS X 10.15)
     Expected in: /usr/lib/libSystem.B.dylib
    
    dyld: Symbol not found: ____chkstk_darwin
     Referenced from: /usr/local/bin/pandoc (which was built for Mac OS X 10.15)
     Expected in: /usr/lib/libSystem.B.dylib
    
    Error: processing vignette 'vignette.Rmd' failed with diagnostics:
    pandoc document conversion failed with error 6
    --- failed re-building ‘vignette.Rmd’
    
    SUMMARY: processing the following file failed:
     ‘vignette.Rmd’
    
    Error: Vignette re-building failed.
    Execution halted
Flavor: r-patched-osx-x86_64