CRAN Package Check Results for Package tree

Last updated on 2020-04-25 01:53:20 CEST.

Flavor Version Tinstall Tcheck Ttotal Status Flags
r-devel-linux-x86_64-debian-clang 1.0-40 5.99 28.24 34.23 OK
r-devel-linux-x86_64-debian-gcc 1.0-40 4.60 21.91 26.51 OK
r-devel-linux-x86_64-fedora-clang 1.0-40 42.65 OK
r-devel-linux-x86_64-fedora-gcc 1.0-40 41.62 OK
r-devel-windows-ix86+x86_64 1.0-40 17.00 55.00 72.00 OK
r-patched-linux-x86_64 1.0-40 4.44 27.65 32.09 OK
r-patched-osx-x86_64 1.0-40 OK
r-patched-solaris-x86 1.0-40 60.40 OK
r-release-linux-x86_64 1.0-40 4.69 25.73 30.42 OK
r-release-windows-ix86+x86_64 1.0-40 15.00 48.00 63.00 OK
r-release-osx-x86_64 1.0-40 OK
r-oldrel-windows-ix86+x86_64 1.0-39 18.00 46.00 64.00 OK
r-oldrel-osx-x86_64 1.0-40 ERROR

Check Details

Version: 1.0-40
Check: whether package can be installed
Result: ERROR
    Installation failed.
Flavor: r-oldrel-osx-x86_64