CRAN Package Check Results for Package translateR

Last updated on 2020-04-25 01:53:20 CEST.

Flavor Version Tinstall Tcheck Ttotal Status Flags
r-devel-linux-x86_64-debian-clang 1.0 2.72 27.37 30.09 NOTE
r-devel-linux-x86_64-debian-gcc 1.0 2.44 22.20 24.64 NOTE
r-devel-linux-x86_64-fedora-clang 1.0 37.56 NOTE
r-devel-linux-x86_64-fedora-gcc 1.0 36.72 NOTE
r-devel-windows-ix86+x86_64 1.0 12.00 46.00 58.00 NOTE
r-patched-linux-x86_64 1.0 3.08 27.33 30.41 NOTE
r-patched-osx-x86_64 1.0 NOTE
r-patched-solaris-x86 1.0 60.60 NOTE
r-release-linux-x86_64 1.0 2.24 24.70 26.94 NOTE
r-release-windows-ix86+x86_64 1.0 8.00 38.00 46.00 NOTE
r-release-osx-x86_64 1.0 NOTE
r-oldrel-windows-ix86+x86_64 1.0 3.00 40.00 43.00 NOTE
r-oldrel-osx-x86_64 1.0 NOTE

Check Details

Version: 1.0
Check: R code for possible problems
Result: NOTE
    microsoftTranslate: no visible global function definition for
     'URLencode'
    Undefined global functions or variables:
     URLencode
    Consider adding
     importFrom("utils", "URLencode")
    to your NAMESPACE file.
Flavors: r-devel-linux-x86_64-debian-clang, r-devel-linux-x86_64-debian-gcc, r-devel-linux-x86_64-fedora-clang, r-devel-linux-x86_64-fedora-gcc, r-devel-windows-ix86+x86_64, r-patched-linux-x86_64, r-patched-osx-x86_64, r-patched-solaris-x86, r-release-linux-x86_64, r-release-windows-ix86+x86_64, r-release-osx-x86_64, r-oldrel-windows-ix86+x86_64, r-oldrel-osx-x86_64