CRAN Package Check Results for Package trackr

Last updated on 2020-04-25 01:53:20 CEST.

Flavor Version Tinstall Tcheck Ttotal Status Flags
r-devel-linux-x86_64-debian-clang 0.10.6 23.14 209.14 232.28 OK
r-devel-linux-x86_64-debian-gcc 0.10.6 21.15 161.91 183.06 OK
r-devel-linux-x86_64-fedora-clang 0.10.6 190.17 OK
r-devel-linux-x86_64-fedora-gcc 0.10.6 184.02 OK
r-devel-windows-ix86+x86_64 0.10.6 64.00 243.00 307.00 OK
r-patched-linux-x86_64 0.10.6 24.65 202.34 226.99 OK
r-patched-osx-x86_64 0.10.6 ERROR
r-patched-solaris-x86 0.10.6 380.40 OK
r-release-linux-x86_64 0.10.6 19.66 183.06 202.72 OK
r-release-windows-ix86+x86_64 0.10.6 56.00 293.00 349.00 OK
r-release-osx-x86_64 0.10.6 OK
r-oldrel-windows-ix86+x86_64 0.10.6 26.00 198.00 224.00 OK
r-oldrel-osx-x86_64 0.10.6 OK

Check Details

Version: 0.10.6
Check: tests
Result: ERROR
     Running ‘ggplot_extraction.R’ [5s/6s]
     Running ‘trackr-tests.R’ [5s/6s]
    Running the tests in ‘tests/trackr-tests.R’ failed.
    Last 13 lines of output:
     ordinary text without R code
    
     output file: knitr_test.knit.md
    
     /usr/local/bin/pandoc +RTS -K512m -RTS knitr_test.utf8.md --to html4 --from markdown+autolink_bare_uris+tex_math_single_backslash+smart --output knitr_test.html --email-obfuscation none --standalone --section-divs --template /Volumes/Builds/packages/high-sierra-x86_64/Rlib/4.0/rmarkdown/rmd/h/default.html --no-highlight --variable highlightjs=1 --variable 'theme:bootstrap' --include-in-header /var/folders/08/nc4f1s3x1jqd9ln5mnvrqzqh0000gp/T//RtmpH3kyuS/rmarkdown-stra5111e435294.html --lua-filter /Volumes/Builds/packages/high-sierra-x86_64/Rlib/4.0/rmarkdown/rmd/lua/pagebreak.lua --lua-filter /Volumes/Builds/packages/high-sierra-x86_64/Rlib/4.0/rmarkdown/rmd/lua/latex-div.lua
     dyld: lazy symbol binding failed: Symbol not found: ____chkstk_darwin
     Referenced from: /usr/local/bin/pandoc (which was built for Mac OS X 10.15)
     Expected in: /usr/lib/libSystem.B.dylib
    
     dyld: Symbol not found: ____chkstk_darwin
     Referenced from: /usr/local/bin/pandoc (which was built for Mac OS X 10.15)
     Expected in: /usr/lib/libSystem.B.dylib
    
     Error: pandoc document conversion failed with error 6
     Execution halted
Flavor: r-patched-osx-x86_64

Version: 0.10.6
Check: re-building of vignette outputs
Result: WARN
    Error(s) in re-building vignettes:
     ...
    --- re-building ‘index.Rmd’ using rmarkdown
    Loading required package: histry
    dyld: lazy symbol binding failed: Symbol not found: ____chkstk_darwin
     Referenced from: /usr/local/bin/pandoc (which was built for Mac OS X 10.15)
     Expected in: /usr/lib/libSystem.B.dylib
    
    dyld: Symbol not found: ____chkstk_darwin
     Referenced from: /usr/local/bin/pandoc (which was built for Mac OS X 10.15)
     Expected in: /usr/lib/libSystem.B.dylib
    
    Error: processing vignette 'index.Rmd' failed with diagnostics:
    pandoc document conversion failed with error 6
    --- failed re-building ‘index.Rmd’
    
    --- re-building ‘Extending-trackr.Rnw’ using knitr
    --- finished re-building ‘Extending-trackr.Rnw’
    
    SUMMARY: processing the following file failed:
     ‘index.Rmd’
    
    Error: Vignette re-building failed.
    Execution halted
Flavor: r-patched-osx-x86_64