CRAN Package Check Results for Package trackdf

Last updated on 2020-04-25 01:53:20 CEST.

Flavor Version Tinstall Tcheck Ttotal Status Flags
r-devel-linux-x86_64-debian-clang 0.2.1 2.97 59.73 62.70 OK
r-devel-linux-x86_64-debian-gcc 0.2.1 2.46 46.68 49.14 OK
r-devel-linux-x86_64-fedora-clang 0.2.1 76.18 NOTE
r-devel-linux-x86_64-fedora-gcc 0.2.1 82.07 NOTE
r-devel-windows-ix86+x86_64 0.2.1 12.00 109.00 121.00 OK
r-patched-linux-x86_64 0.2.1 2.74 56.80 59.54 OK
r-patched-osx-x86_64 0.2.1 WARN
r-patched-solaris-x86 0.2.1 118.90 NOTE
r-release-linux-x86_64 0.2.1 2.64 54.08 56.72 OK
r-release-windows-ix86+x86_64 0.2.1 8.00 152.00 160.00 OK
r-release-osx-x86_64 0.2.1 NOTE
r-oldrel-windows-ix86+x86_64 0.2.1 4.00 84.00 88.00 OK
r-oldrel-osx-x86_64 0.2.1 NOTE

Check Details

Version: 0.2.1
Check: dependencies in R code
Result: NOTE
    Namespace in Imports field not imported from: ‘rgdal’
     All declared Imports should be used.
Flavors: r-devel-linux-x86_64-fedora-clang, r-devel-linux-x86_64-fedora-gcc, r-patched-osx-x86_64, r-patched-solaris-x86, r-release-osx-x86_64, r-oldrel-osx-x86_64

Version: 0.2.1
Check: re-building of vignette outputs
Result: WARN
    Error(s) in re-building vignettes:
    --- re-building ‘z1_install.Rmd’ using rmarkdown
    dyld: lazy symbol binding failed: Symbol not found: ____chkstk_darwin
     Referenced from: /usr/local/bin/pandoc (which was built for Mac OS X 10.15)
     Expected in: /usr/lib/libSystem.B.dylib
    
    dyld: Symbol not found: ____chkstk_darwin
     Referenced from: /usr/local/bin/pandoc (which was built for Mac OS X 10.15)
     Expected in: /usr/lib/libSystem.B.dylib
    
    Error: processing vignette 'z1_install.Rmd' failed with diagnostics:
    pandoc document conversion failed with error 6
    --- failed re-building ‘z1_install.Rmd’
    
    --- re-building ‘z2_build.Rmd’ using rmarkdown
    
    Attaching package: 'lubridate'
    
    The following object is masked from 'package:base':
    
     date
    
    
    Attaching package: 'dplyr'
    
    The following objects are masked from 'package:lubridate':
    
     intersect, setdiff, union
    
    The following objects are masked from 'package:stats':
    
     filter, lag
    
    The following objects are masked from 'package:base':
    
     intersect, setdiff, setequal, union
    
    Parsed with column specification:
    cols(
     id = col_double(),
     x = col_double(),
     y = col_double(),
     size = col_double(),
     frame = col_double(),
     track = col_double(),
     ignore = col_logical(),
     track_fixed = col_double()
    )
    Parsed with column specification:
    cols(
     date = col_date(format = ""),
     time = col_time(format = ""),
     lon = col_double(),
     lat = col_double()
    )
    Warning: 2 parsing failures.
    row col expected actual file
     24 date valid date 2015-13-10 '/Volumes/Builds/packages/high-sierra-x86_64/results/4.0/trackdf.Rcheck/trackdf/extdata/gps/01.csv'
     34 time valid date 25:00:34 '/Volumes/Builds/packages/high-sierra-x86_64/results/4.0/trackdf.Rcheck/trackdf/extdata/gps/01.csv'
    
    dyld: lazy symbol binding failed: Symbol not found: ____chkstk_darwin
     Referenced from: /usr/local/bin/pandoc (which was built for Mac OS X 10.15)
     Expected in: /usr/lib/libSystem.B.dylib
    
    dyld: Symbol not found: ____chkstk_darwin
     Referenced from: /usr/local/bin/pandoc (which was built for Mac OS X 10.15)
     Expected in: /usr/lib/libSystem.B.dylib
    
    Error: processing vignette 'z2_build.Rmd' failed with diagnostics:
    pandoc document conversion failed with error 6
    --- failed re-building ‘z2_build.Rmd’
    
    --- re-building ‘z3_manipulate.Rmd’ using rmarkdown
    dyld: lazy symbol binding failed: Symbol not found: ____chkstk_darwin
     Referenced from: /usr/local/bin/pandoc (which was built for Mac OS X 10.15)
     Expected in: /usr/lib/libSystem.B.dylib
    
    dyld: Symbol not found: ____chkstk_darwin
     Referenced from: /usr/local/bin/pandoc (which was built for Mac OS X 10.15)
     Expected in: /usr/lib/libSystem.B.dylib
    
    Error: processing vignette 'z3_manipulate.Rmd' failed with diagnostics:
    pandoc document conversion failed with error 6
    --- failed re-building ‘z3_manipulate.Rmd’
    
    SUMMARY: processing the following files failed:
     ‘z1_install.Rmd’ ‘z2_build.Rmd’ ‘z3_manipulate.Rmd’
    
    Error: Vignette re-building failed.
    Execution halted
Flavor: r-patched-osx-x86_64

Version: 0.2.1
Check: package dependencies
Result: NOTE
    Package suggested but not available for checking: ‘moveVis’
Flavor: r-patched-solaris-x86

Version: 0.2.1
Check: installed package size
Result: NOTE
     installed size is 5.6Mb
     sub-directories of 1Mb or more:
     extdata 5.3Mb
Flavor: r-patched-solaris-x86

Version: 0.2.1
Check: Rd cross-references
Result: NOTE
    Package unavailable to check Rd xrefs: ‘moveVis’
Flavor: r-patched-solaris-x86