Last updated on 2020-04-25 01:53:20 CEST.
Flavor | Version | Tinstall | Tcheck | Ttotal | Status | Flags |
---|---|---|---|---|---|---|
r-devel-linux-x86_64-debian-clang | 0.2-11 | 13.91 | 112.27 | 126.18 | NOTE | |
r-devel-linux-x86_64-debian-gcc | 0.2-11 | 10.10 | 85.48 | 95.58 | NOTE | |
r-devel-linux-x86_64-fedora-clang | 0.2-11 | 166.52 | NOTE | |||
r-devel-linux-x86_64-fedora-gcc | 0.2-11 | 164.48 | NOTE | |||
r-devel-windows-ix86+x86_64 | 0.2-11 | 46.00 | 227.00 | 273.00 | NOTE | |
r-patched-linux-x86_64 | 0.2-11 | 12.54 | 113.88 | 126.42 | NOTE | |
r-patched-osx-x86_64 | 0.2-11 | NOTE | ||||
r-patched-solaris-x86 | 0.2-11 | 323.10 | NOTE | |||
r-release-linux-x86_64 | 0.2-11 | 11.19 | 109.72 | 120.91 | NOTE | |
r-release-windows-ix86+x86_64 | 0.2-11 | 47.00 | 186.00 | 233.00 | NOTE | |
r-release-osx-x86_64 | 0.2-11 | NOTE | ||||
r-oldrel-windows-ix86+x86_64 | 0.2-11 | 31.00 | 176.00 | 207.00 | NOTE | |
r-oldrel-osx-x86_64 | 0.2-9 | NOTE |
Version: 0.2-11
Check: package dependencies
Result: NOTE
Package suggested but not available for checking: 'corpus.JSS.papers'
Flavors: r-devel-linux-x86_64-debian-clang, r-devel-linux-x86_64-debian-gcc, r-devel-linux-x86_64-fedora-clang, r-devel-linux-x86_64-fedora-gcc, r-devel-windows-ix86+x86_64, r-patched-linux-x86_64, r-patched-osx-x86_64, r-patched-solaris-x86, r-release-linux-x86_64, r-release-windows-ix86+x86_64, r-release-osx-x86_64, r-oldrel-windows-ix86+x86_64
Version: 0.2-9
Check: package dependencies
Result: NOTE
Package suggested but not available for checking: ‘corpus.JSS.papers’
Flavor: r-oldrel-osx-x86_64