Last updated on 2020-04-25 01:53:20 CEST.
Flavor | Version | Tinstall | Tcheck | Ttotal | Status | Flags |
---|---|---|---|---|---|---|
r-devel-linux-x86_64-debian-clang | 1.4-10 | 10.23 | 97.95 | 108.18 | OK | |
r-devel-linux-x86_64-debian-gcc | 1.4-10 | 8.80 | 75.53 | 84.33 | OK | |
r-devel-linux-x86_64-fedora-clang | 1.4-10 | 131.10 | NOTE | |||
r-devel-linux-x86_64-fedora-gcc | 1.4-10 | 132.43 | NOTE | |||
r-devel-windows-ix86+x86_64 | 1.4-10 | 28.00 | 181.00 | 209.00 | OK | |
r-patched-linux-x86_64 | 1.4-10 | 9.08 | 95.21 | 104.29 | OK | |
r-patched-osx-x86_64 | 1.4-10 | OK | ||||
r-patched-solaris-x86 | 1.4-10 | 183.40 | OK | |||
r-release-linux-x86_64 | 1.4-10 | 9.25 | 83.65 | 92.90 | OK | |
r-release-windows-ix86+x86_64 | 1.4-10 | 30.00 | 128.00 | 158.00 | OK | |
r-release-osx-x86_64 | 1.4-10 | OK | ||||
r-oldrel-windows-ix86+x86_64 | 1.4-10 | 15.00 | 172.00 | 187.00 | OK | |
r-oldrel-osx-x86_64 | 1.4-10 | OK |
Version: 1.4-10
Check: compiled code
Result: NOTE
File ‘tmvtnorm/libs/tmvtnorm.so’:
Found no calls to: ‘R_registerRoutines’, ‘R_useDynamicSymbols’
It is good practice to register native routines and to disable symbol
search.
See ‘Writing portable packages’ in the ‘Writing R Extensions’ manual.
Flavors: r-devel-linux-x86_64-fedora-clang, r-devel-linux-x86_64-fedora-gcc