CRAN Package Check Results for Package tmbstan

Last updated on 2020-04-25 01:53:20 CEST.

Flavor Version Tinstall Tcheck Ttotal Status Flags
r-devel-linux-x86_64-debian-clang 1.0.2 103.69 100.14 203.83 OK
r-devel-linux-x86_64-debian-gcc 1.0.2 96.64 79.79 176.43 OK
r-devel-linux-x86_64-fedora-clang 1.0.2 266.93 NOTE
r-devel-linux-x86_64-fedora-gcc 1.0.2 286.64 OK
r-devel-windows-ix86+x86_64 1.0.2 264.00 201.00 465.00 OK
r-patched-linux-x86_64 1.0.2 97.89 99.32 197.21 OK
r-patched-osx-x86_64 1.0.2 NOTE
r-patched-solaris-x86 1.0.2 308.80 OK
r-release-linux-x86_64 1.0.2 103.74 89.33 193.07 OK
r-release-windows-ix86+x86_64 1.0.2 231.00 147.00 378.00 OK
r-release-osx-x86_64 1.0.2 NOTE
r-oldrel-windows-ix86+x86_64 1.0.2 156.00 218.00 374.00 OK
r-oldrel-osx-x86_64 1.0.2 NOTE

Check Details

Version: 1.0.2
Check: installed package size
Result: NOTE
     installed size is 25.4Mb
     sub-directories of 1Mb or more:
     libs 25.1Mb
Flavors: r-devel-linux-x86_64-fedora-clang, r-patched-osx-x86_64, r-release-osx-x86_64, r-oldrel-osx-x86_64