CRAN Package Check Results for Package tmaptools

Last updated on 2020-04-25 01:53:20 CEST.

Flavor Version Tinstall Tcheck Ttotal Status Flags
r-devel-linux-x86_64-debian-clang 3.0 13.35 104.80 118.15 OK
r-devel-linux-x86_64-debian-gcc 3.0 9.82 80.72 90.54 OK
r-devel-linux-x86_64-fedora-clang 3.0 141.06 NOTE
r-devel-linux-x86_64-fedora-gcc 3.0 142.06 NOTE
r-devel-windows-ix86+x86_64 3.0 36.00 130.00 166.00 OK
r-patched-linux-x86_64 3.0 11.13 102.30 113.43 OK
r-patched-osx-x86_64 3.0 NOTE
r-patched-solaris-x86 3.0 199.50 NOTE
r-release-linux-x86_64 3.0 11.56 92.48 104.04 OK
r-release-windows-ix86+x86_64 3.0 28.00 107.00 135.00 OK
r-release-osx-x86_64 3.0 NOTE
r-oldrel-windows-ix86+x86_64 3.0 13.00 110.00 123.00 OK
r-oldrel-osx-x86_64 2.0-2 OK

Check Details

Version: 3.0
Check: dependencies in R code
Result: NOTE
    Namespace in Imports field not imported from: ‘KernSmooth’
     All declared Imports should be used.
Flavors: r-devel-linux-x86_64-fedora-clang, r-devel-linux-x86_64-fedora-gcc, r-patched-osx-x86_64, r-patched-solaris-x86, r-release-osx-x86_64