CRAN Package Check Results for Package tidyxl

Last updated on 2020-04-25 01:53:20 CEST.

Flavor Version Tinstall Tcheck Ttotal Status Flags
r-devel-linux-x86_64-debian-clang 1.0.5 179.75 51.50 231.25 WARN
r-devel-linux-x86_64-debian-gcc 1.0.5 113.87 40.85 154.72 OK
r-devel-linux-x86_64-fedora-clang 1.0.5 334.51 WARN
r-devel-linux-x86_64-fedora-gcc 1.0.5 298.36 OK
r-devel-windows-ix86+x86_64 1.0.5 433.00 119.00 552.00 OK
r-patched-linux-x86_64 1.0.5 135.97 50.11 186.08 OK
r-patched-osx-x86_64 1.0.5 WARN
r-patched-solaris-x86 1.0.5 252.60 OK
r-release-linux-x86_64 1.0.5 138.93 45.18 184.11 OK
r-release-windows-ix86+x86_64 1.0.5 410.00 131.00 541.00 OK
r-release-osx-x86_64 1.0.5 WARN
r-oldrel-windows-ix86+x86_64 1.0.5 288.00 94.00 382.00 OK
r-oldrel-osx-x86_64 1.0.4 WARN

Check Details

Version: 1.0.5
Check: whether package can be installed
Result: WARN
    Found the following significant warnings:
     ref.cpp:24:14: warning: explicitly assigning value of variable of type 'std::string::const_iterator' (aka '__normal_iterator<const char *, std::__cxx11::basic_string<char> >') to itself [-Wself-assign-overloaded]
     ref.cpp:35:14: warning: explicitly assigning value of variable of type 'std::string::const_iterator' (aka '__normal_iterator<const char *, std::__cxx11::basic_string<char> >') to itself [-Wself-assign-overloaded]
     ref.cpp:50:16: warning: explicitly assigning value of variable of type 'std::string::const_iterator' (aka '__normal_iterator<const char *, std::__cxx11::basic_string<char> >') to itself [-Wself-assign-overloaded]
     ref.cpp:61:16: warning: explicitly assigning value of variable of type 'std::string::const_iterator' (aka '__normal_iterator<const char *, std::__cxx11::basic_string<char> >') to itself [-Wself-assign-overloaded]
Flavor: r-devel-linux-x86_64-debian-clang

Version: 1.0.5
Check: compiled code
Result: WARN
    File 'tidyxl/libs/tidyxl.so':
     Found 'abort', possibly from 'abort' (C)
     Object: 'xlex.o'
    
    Compiled code should not call entry points which might terminate R nor
    write to stdout/stderr instead of to the console, nor use Fortran I/O
    nor system RNGs.
    
    See 'Writing portable packages' in the 'Writing R Extensions' manual.
Flavors: r-devel-linux-x86_64-debian-clang, r-devel-linux-x86_64-fedora-clang

Version: 1.0.5
Check: whether package can be installed
Result: WARN
    Found the following significant warnings:
     ref.cpp:24:14: warning: explicitly assigning value of variable of type 'std::string::const_iterator' (aka '__wrap_iter<const char *>') to itself [-Wself-assign-overloaded]
     ref.cpp:35:14: warning: explicitly assigning value of variable of type 'std::string::const_iterator' (aka '__wrap_iter<const char *>') to itself [-Wself-assign-overloaded]
     ref.cpp:50:16: warning: explicitly assigning value of variable of type 'std::string::const_iterator' (aka '__wrap_iter<const char *>') to itself [-Wself-assign-overloaded]
     ref.cpp:61:16: warning: explicitly assigning value of variable of type 'std::string::const_iterator' (aka '__wrap_iter<const char *>') to itself [-Wself-assign-overloaded]
Flavors: r-devel-linux-x86_64-fedora-clang, r-release-osx-x86_64

Version: 1.0.5
Check: installed package size
Result: NOTE
     installed size is 11.4Mb
     sub-directories of 1Mb or more:
     libs 10.4Mb
Flavors: r-devel-linux-x86_64-fedora-clang, r-patched-osx-x86_64, r-release-osx-x86_64

Version: 1.0.5
Check: compiled code
Result: WARN
    File ‘tidyxl/libs/tidyxl.so’:
     Found ‘_abort’, possibly from ‘abort’ (C)
     Object: ‘xlex.o’
    
    Compiled code should not call entry points which might terminate R nor
    write to stdout/stderr instead of to the console, nor use Fortran I/O
    nor system RNGs.
    
    See ‘Writing portable packages’ in the ‘Writing R Extensions’ manual.
Flavors: r-patched-osx-x86_64, r-release-osx-x86_64

Version: 1.0.5
Check: re-building of vignette outputs
Result: WARN
    Error(s) in re-building vignettes:
    --- re-building ‘data-validation-rules.Rmd’ using rmarkdown
    dyld: lazy symbol binding failed: Symbol not found: ____chkstk_darwin
     Referenced from: /usr/local/bin/pandoc (which was built for Mac OS X 10.15)
     Expected in: /usr/lib/libSystem.B.dylib
    
    dyld: Symbol not found: ____chkstk_darwin
     Referenced from: /usr/local/bin/pandoc (which was built for Mac OS X 10.15)
     Expected in: /usr/lib/libSystem.B.dylib
    
    Error: processing vignette 'data-validation-rules.Rmd' failed with diagnostics:
    pandoc document conversion failed with error 6
    --- failed re-building ‘data-validation-rules.Rmd’
    
    --- re-building ‘smells.Rmd’ using rmarkdown
    dyld: lazy symbol binding failed: Symbol not found: ____chkstk_darwin
     Referenced from: /usr/local/bin/pandoc (which was built for Mac OS X 10.15)
     Expected in: /usr/lib/libSystem.B.dylib
    
    dyld: Symbol not found: ____chkstk_darwin
     Referenced from: /usr/local/bin/pandoc (which was built for Mac OS X 10.15)
     Expected in: /usr/lib/libSystem.B.dylib
    
    Error: processing vignette 'smells.Rmd' failed with diagnostics:
    pandoc document conversion failed with error 6
    --- failed re-building ‘smells.Rmd’
    
    --- re-building ‘tidyxl.Rmd’ using rmarkdown
    dyld: lazy symbol binding failed: Symbol not found: ____chkstk_darwin
     Referenced from: /usr/local/bin/pandoc (which was built for Mac OS X 10.15)
     Expected in: /usr/lib/libSystem.B.dylib
    
    dyld: Symbol not found: ____chkstk_darwin
     Referenced from: /usr/local/bin/pandoc (which was built for Mac OS X 10.15)
     Expected in: /usr/lib/libSystem.B.dylib
    
    Error: processing vignette 'tidyxl.Rmd' failed with diagnostics:
    pandoc document conversion failed with error 6
    --- failed re-building ‘tidyxl.Rmd’
    
    SUMMARY: processing the following files failed:
     ‘data-validation-rules.Rmd’ ‘smells.Rmd’ ‘tidyxl.Rmd’
    
    Error: Vignette re-building failed.
    Execution halted
Flavor: r-patched-osx-x86_64

Version: 1.0.4
Check: installed package size
Result: NOTE
     installed size is 7.7Mb
     sub-directories of 1Mb or more:
     libs 6.8Mb
Flavor: r-oldrel-osx-x86_64

Version: 1.0.4
Check: compiled code
Result: WARN
    File ‘tidyxl/libs/tidyxl.so’:
     Found ‘_abort’, possibly from ‘abort’ (C)
     Object: ‘xlex.o’
    
    Compiled code should not call entry points which might terminate R nor
    write to stdout/stderr instead of to the console, nor use Fortran I/O
    nor system RNGs.
    
    See ‘Writing portable packages’ in the ‘Writing R Extensions’ manual.
Flavor: r-oldrel-osx-x86_64