CRAN Package Check Results for Package tidyvpc

Last updated on 2020-04-25 01:53:20 CEST.

Flavor Version Tinstall Tcheck Ttotal Status Flags
r-devel-linux-x86_64-debian-clang 1.0.0 10.74 390.76 401.50 OK
r-devel-linux-x86_64-debian-gcc 1.0.0 8.26 297.30 305.56 OK
r-devel-linux-x86_64-fedora-clang 1.0.0 434.31 OK
r-devel-linux-x86_64-fedora-gcc 1.0.0 433.17 OK
r-devel-windows-ix86+x86_64 1.0.0 31.00 405.00 436.00 OK
r-patched-linux-x86_64 1.0.0 9.82 359.17 368.99 OK
r-patched-osx-x86_64 1.0.0 WARN
r-patched-solaris-x86 1.0.0 584.60 OK
r-release-linux-x86_64 1.0.0 8.51 325.02 333.53 OK
r-release-windows-ix86+x86_64 1.0.0 21.00 335.00 356.00 OK
r-release-osx-x86_64 1.0.0 OK
r-oldrel-windows-ix86+x86_64 1.0.0 10.00 426.00 436.00 OK

Check Details

Version: 1.0.0
Check: re-building of vignette outputs
Result: WARN
    Error(s) in re-building vignettes:
    --- re-building ‘tidyvpc.Rmd’ using rmarkdown
    Loading required package: data.table
    Loading required package: magrittr
    Loading required package: quantreg
    Loading required package: SparseM
    
    Attaching package: 'SparseM'
    
    The following object is masked from 'package:base':
    
     backsolve
    
    Warning in rq.fit.sfn(x, y, tau = tau, rhs = rhs, control = control, ...) :
     tiny diagonals replaced with Inf when calling blkfct
    
    Warning in rq.fit.sfn(x, y, tau = tau, rhs = rhs, control = control, ...) :
     tiny diagonals replaced with Inf when calling blkfct
    
    Warning in rq.fit.sfn(x, y, tau = tau, rhs = rhs, control = control, ...) :
     tiny diagonals replaced with Inf when calling blkfct
    
    Warning in rq.fit.sfn(x, y, tau = tau, rhs = rhs, control = control, ...) :
     tiny diagonals replaced with Inf when calling blkfct
    
    Warning in rq.fit.sfn(x, y, tau = tau, rhs = rhs, control = control, ...) :
     tiny diagonals replaced with Inf when calling blkfct
    
    Warning in rq.fit.sfn(x, y, tau = tau, rhs = rhs, control = control, ...) :
     tiny diagonals replaced with Inf when calling blkfct
    
    Warning in rq.fit.sfn(x, y, tau = tau, rhs = rhs, control = control, ...) :
     tiny diagonals replaced with Inf when calling blkfct
    
    Warning in rq.fit.sfn(x, y, tau = tau, rhs = rhs, control = control, ...) :
     tiny diagonals replaced with Inf when calling blkfct
    
    Warning in rq.fit.sfn(x, y, tau = tau, rhs = rhs, control = control, ...) :
     tiny diagonals replaced with Inf when calling blkfct
    
    Warning in rq.fit.sfn(x, y, tau = tau, rhs = rhs, control = control, ...) :
     tiny diagonals replaced with Inf when calling blkfct
    
    Warning in rq.fit.sfn(x, y, tau = tau, rhs = rhs, control = control, ...) :
     tiny diagonals replaced with Inf when calling blkfct
    
    Warning in rq.fit.sfn(x, y, tau = tau, rhs = rhs, control = control, ...) :
     tiny diagonals replaced with Inf when calling blkfct
    
    Warning in rq.fit.sfn(x, y, tau = tau, rhs = rhs, control = control, ...) :
     tiny diagonals replaced with Inf when calling blkfct
    
    Warning in rq.fit.sfn(x, y, tau = tau, rhs = rhs, control = control, ...) :
     tiny diagonals replaced with Inf when calling blkfct
    
    Warning in rq.fit.sfn(x, y, tau = tau, rhs = rhs, control = control, ...) :
     tiny diagonals replaced with Inf when calling blkfct
    
    Warning in rq.fit.sfn(x, y, tau = tau, rhs = rhs, control = control, ...) :
     tiny diagonals replaced with Inf when calling blkfct
    
    Warning in rq.fit.sfn(x, y, tau = tau, rhs = rhs, control = control, ...) :
     tiny diagonals replaced with Inf when calling blkfct
    
    Warning in rq.fit.sfn(x, y, tau = tau, rhs = rhs, control = control, ...) :
     tiny diagonals replaced with Inf when calling blkfct
    
    Warning in rq.fit.sfn(x, y, tau = tau, rhs = rhs, control = control, ...) :
     tiny diagonals replaced with Inf when calling blkfct
    
    Warning in rq.fit.sfn(x, y, tau = tau, rhs = rhs, control = control, ...) :
     tiny diagonals replaced with Inf when calling blkfct
    
    Warning in rq.fit.sfn(x, y, tau = tau, rhs = rhs, control = control, ...) :
     tiny diagonals replaced with Inf when calling blkfct
    
    Warning in rq.fit.sfn(x, y, tau = tau, rhs = rhs, control = control, ...) :
     tiny diagonals replaced with Inf when calling blkfct
    
    Warning: Removed 6 row(s) containing missing values (geom_path).
    Warning in rq.fit.sfn(x, y, tau = tau, rhs = rhs, control = control, ...) :
     tiny diagonals replaced with Inf when calling blkfct
    
    Warning in rq.fit.sfn(x, y, tau = tau, rhs = rhs, control = control, ...) :
     tiny diagonals replaced with Inf when calling blkfct
    
    Warning in rq.fit.sfn(x, y, tau = tau, rhs = rhs, control = control, ...) :
     tiny diagonals replaced with Inf when calling blkfct
    
    Warning in rq.fit.sfn(x, y, tau = tau, rhs = rhs, control = control, ...) :
     tiny diagonals replaced with Inf when calling blkfct
    
    Warning: Removed 709 row(s) containing missing values (geom_path).
    Warning: Removed 8 row(s) containing missing values (geom_path).
    Warning in rq.fit.sfn(x, y, tau = tau, rhs = rhs, control = control, ...) :
     tiny diagonals replaced with Inf when calling blkfct
    
    Warning in rq.fit.sfn(x, y, tau = tau, rhs = rhs, control = control, ...) :
     tiny diagonals replaced with Inf when calling blkfct
    
    Warning in rq.fit.sfn(x, y, tau = tau, rhs = rhs, control = control, ...) :
     tiny diagonals replaced with Inf when calling blkfct
    
    Warning in rq.fit.sfn(x, y, tau = tau, rhs = rhs, control = control, ...) :
     tiny diagonals replaced with Inf when calling blkfct
    
    Warning in rq.fit.sfn(x, y, tau = tau, rhs = rhs, control = control, ...) :
     tiny diagonals replaced with Inf when calling blkfct
    
    Warning in rq.fit.sfn(x, y, tau = tau, rhs = rhs, control = control, ...) :
     tiny diagonals replaced with Inf when calling blkfct
    
    Warning in rq.fit.sfn(x, y, tau = tau, rhs = rhs, control = control, ...) :
     tiny diagonals replaced with Inf when calling blkfct
    
    Warning in rq.fit.sfn(x, y, tau = tau, rhs = rhs, control = control, ...) :
     tiny diagonals replaced with Inf when calling blkfct
    
    Warning in rq.fit.sfn(x, y, tau = tau, rhs = rhs, control = control, ...) :
     tiny diagonals replaced with Inf when calling blkfct
    
    Warning in rq.fit.sfn(x, y, tau = tau, rhs = rhs, control = control, ...) :
     tiny diagonals replaced with Inf when calling blkfct
    
    Warning in rq.fit.sfn(x, y, tau = tau, rhs = rhs, control = control, ...) :
     tiny diagonals replaced with Inf when calling blkfct
    
    Warning in rq.fit.sfn(x, y, tau = tau, rhs = rhs, control = control, ...) :
     tiny diagonals replaced with Inf when calling blkfct
    
    Warning in rq.fit.sfn(x, y, tau = tau, rhs = rhs, control = control, ...) :
     tiny diagonals replaced with Inf when calling blkfct
    
    Warning in rq.fit.sfn(x, y, tau = tau, rhs = rhs, control = control, ...) :
     tiny diagonals replaced with Inf when calling blkfct
    
    Warning in rq.fit.sfn(x, y, tau = tau, rhs = rhs, control = control, ...) :
     tiny diagonals replaced with Inf when calling blkfct
    
    Warning in rq.fit.sfn(x, y, tau = tau, rhs = rhs, control = control, ...) :
     tiny diagonals replaced with Inf when calling blkfct
    
    Warning in rq.fit.sfn(x, y, tau = tau, rhs = rhs, control = control, ...) :
     tiny diagonals replaced with Inf when calling blkfct
    
    Warning in rq.fit.sfn(x, y, tau = tau, rhs = rhs, control = control, ...) :
     tiny diagonals replaced with Inf when calling blkfct
    
    Warning in rq.fit.sfn(x, y, tau = tau, rhs = rhs, control = control, ...) :
     tiny diagonals replaced with Inf when calling blkfct
    
    Warning in rq.fit.sfn(x, y, tau = tau, rhs = rhs, control = control, ...) :
     tiny diagonals replaced with Inf when calling blkfct
    
    Warning in rq.fit.sfn(x, y, tau = tau, rhs = rhs, control = control, ...) :
     tiny diagonals replaced with Inf when calling blkfct
    
    Warning in rq.fit.sfn(x, y, tau = tau, rhs = rhs, control = control, ...) :
     tiny diagonals replaced with Inf when calling blkfct
    
    Warning in rq.fit.sfn(x, y, tau = tau, rhs = rhs, control = control, ...) :
     tiny diagonals replaced with Inf when calling blkfct
    
    Warning in rq.fit.sfn(x, y, tau = tau, rhs = rhs, control = control, ...) :
     tiny diagonals replaced with Inf when calling blkfct
    
    Warning in rq.fit.sfn(x, y, tau = tau, rhs = rhs, control = control, ...) :
     tiny diagonals replaced with Inf when calling blkfct
    
    Warning in rq.fit.sfn(x, y, tau = tau, rhs = rhs, control = control, ...) :
     tiny diagonals replaced with Inf when calling blkfct
    
    Warning in rq.fit.sfn(x, y, tau = tau, rhs = rhs, control = control, ...) :
     tiny diagonals replaced with Inf when calling blkfct
    
    Warning in rq.fit.sfn(x, y, tau = tau, rhs = rhs, control = control, ...) :
     tiny diagonals replaced with Inf when calling blkfct
    
    Warning: Removed 8 row(s) containing missing values (geom_path).
    dyld: lazy symbol binding failed: Symbol not found: ____chkstk_darwin
     Referenced from: /usr/local/bin/pandoc (which was built for Mac OS X 10.15)
     Expected in: /usr/lib/libSystem.B.dylib
    
    dyld: Symbol not found: ____chkstk_darwin
     Referenced from: /usr/local/bin/pandoc (which was built for Mac OS X 10.15)
     Expected in: /usr/lib/libSystem.B.dylib
    
    Error: processing vignette 'tidyvpc.Rmd' failed with diagnostics:
    pandoc document conversion failed with error 6
    --- failed re-building ‘tidyvpc.Rmd’
    
    SUMMARY: processing the following file failed:
     ‘tidyvpc.Rmd’
    
    Error: Vignette re-building failed.
    Execution halted
Flavor: r-patched-osx-x86_64