Last updated on 2020-04-25 01:53:20 CEST.
Flavor | Version | Tinstall | Tcheck | Ttotal | Status | Flags |
---|---|---|---|---|---|---|
r-devel-linux-x86_64-debian-clang | 1.1.2 | 26.75 | 74.22 | 100.97 | OK | |
r-devel-linux-x86_64-debian-gcc | 1.1.2 | 20.66 | 56.46 | 77.12 | OK | |
r-devel-linux-x86_64-fedora-clang | 1.1.2 | 127.26 | OK | |||
r-devel-linux-x86_64-fedora-gcc | 1.1.2 | 119.39 | OK | |||
r-devel-windows-ix86+x86_64 | 1.1.2 | 73.00 | 153.00 | 226.00 | OK | |
r-patched-linux-x86_64 | 1.1.2 | 23.01 | 69.10 | 92.11 | OK | |
r-patched-osx-x86_64 | 1.1.2 | OK | ||||
r-patched-solaris-x86 | 1.1.2 | 157.40 | OK | |||
r-release-linux-x86_64 | 1.1.2 | 19.98 | 64.34 | 84.32 | OK | |
r-release-windows-ix86+x86_64 | 1.1.2 | 71.00 | 162.00 | 233.00 | OK | |
r-release-osx-x86_64 | 1.1.2 | NOTE | ||||
r-oldrel-windows-ix86+x86_64 | 1.1.2 | 37.00 | 123.00 | 160.00 | OK | |
r-oldrel-osx-x86_64 | 1.1.2 | OK |
Version: 1.1.2
Check: package dependencies
Result: NOTE
Package suggested but not available for checking: ‘graph’
Flavor: r-release-osx-x86_64