CRAN Package Check Results for Package tidyUSDA

Last updated on 2020-04-25 01:53:20 CEST.

Flavor Version Tinstall Tcheck Ttotal Status Flags
r-devel-linux-x86_64-debian-clang 0.2.7 2.57 36.26 38.83 OK
r-devel-linux-x86_64-debian-gcc 0.2.7 2.79 29.13 31.92 OK
r-devel-linux-x86_64-fedora-clang 0.2.7 48.02 NOTE
r-devel-linux-x86_64-fedora-gcc 0.2.7 56.65 NOTE
r-devel-windows-ix86+x86_64 0.2.7 15.00 75.00 90.00 OK
r-patched-linux-x86_64 0.2.7 3.51 35.86 39.37 OK
r-patched-osx-x86_64 0.2.7 WARN
r-patched-solaris-x86 0.2.7 78.50 NOTE
r-release-linux-x86_64 0.2.7 2.57 34.86 37.43 OK
r-release-windows-ix86+x86_64 0.2.7 9.00 56.00 65.00 OK
r-release-osx-x86_64 0.2.7 NOTE
r-oldrel-windows-ix86+x86_64 0.1.0 3.00 48.00 51.00 OK
r-oldrel-osx-x86_64 0.2.6 ERROR

Check Details

Version: 0.2.7
Check: dependencies in R code
Result: NOTE
    Namespaces in Imports field not imported from:
     ‘curl’ ‘keyring’ ‘nlme’ ‘rgdal’ ‘stringi’ ‘usethis’
     All declared Imports should be used.
Flavors: r-devel-linux-x86_64-fedora-clang, r-devel-linux-x86_64-fedora-gcc, r-patched-osx-x86_64, r-patched-solaris-x86, r-release-osx-x86_64

Version: 0.2.7
Check: re-building of vignette outputs
Result: WARN
    Error(s) in re-building vignettes:
     ...
    --- re-building ‘using_tidyusda.Rmd’ using rmarkdown
    dyld: lazy symbol binding failed: Symbol not found: ____chkstk_darwin
     Referenced from: /usr/local/bin/pandoc (which was built for Mac OS X 10.15)
     Expected in: /usr/lib/libSystem.B.dylib
    
    dyld: Symbol not found: ____chkstk_darwin
     Referenced from: /usr/local/bin/pandoc (which was built for Mac OS X 10.15)
     Expected in: /usr/lib/libSystem.B.dylib
    
    Error: processing vignette 'using_tidyusda.Rmd' failed with diagnostics:
    pandoc document conversion failed with error 6
    --- failed re-building ‘using_tidyusda.Rmd’
    
    SUMMARY: processing the following file failed:
     ‘using_tidyusda.Rmd’
    
    Error: Vignette re-building failed.
    Execution halted
Flavor: r-patched-osx-x86_64

Version: 0.2.6
Check: whether package can be installed
Result: ERROR
    Installation failed.
Flavor: r-oldrel-osx-x86_64