CRAN Package Check Results for Package tibbletime

Last updated on 2020-04-25 01:53:20 CEST.

Flavor Version Tinstall Tcheck Ttotal Status Flags
r-devel-linux-x86_64-debian-clang 0.1.3 27.41 88.10 115.51 OK
r-devel-linux-x86_64-debian-gcc 0.1.3 15.95 68.14 84.09 OK
r-devel-linux-x86_64-fedora-clang 0.1.3 146.84 OK
r-devel-linux-x86_64-fedora-gcc 0.1.3 139.69 OK
r-devel-windows-ix86+x86_64 0.1.3 81.00 169.00 250.00 OK
r-patched-linux-x86_64 0.1.3 18.97 84.80 103.77 OK
r-patched-osx-x86_64 0.1.3 WARN
r-patched-solaris-x86 0.1.3 197.90 OK
r-release-linux-x86_64 0.1.3 20.23 78.47 98.70 OK
r-release-windows-ix86+x86_64 0.1.3 71.00 179.00 250.00 OK
r-release-osx-x86_64 0.1.3 OK
r-oldrel-windows-ix86+x86_64 0.1.3 43.00 133.00 176.00 OK
r-oldrel-osx-x86_64 0.1.3 OK

Check Details

Version: 0.1.3
Check: re-building of vignette outputs
Result: WARN
    Error(s) in re-building vignettes:
    --- re-building ‘TT-01-time-based-filtering.Rmd’ using rmarkdown
    
    Attaching package: 'tibbletime'
    
    The following object is masked from 'package:stats':
    
     filter
    
    
    Attaching package: 'dplyr'
    
    The following objects are masked from 'package:stats':
    
     filter, lag
    
    The following objects are masked from 'package:base':
    
     intersect, setdiff, setequal, union
    
    dyld: lazy symbol binding failed: Symbol not found: ____chkstk_darwin
     Referenced from: /usr/local/bin/pandoc (which was built for Mac OS X 10.15)
     Expected in: /usr/lib/libSystem.B.dylib
    
    dyld: Symbol not found: ____chkstk_darwin
     Referenced from: /usr/local/bin/pandoc (which was built for Mac OS X 10.15)
     Expected in: /usr/lib/libSystem.B.dylib
    
    Error: processing vignette 'TT-01-time-based-filtering.Rmd' failed with diagnostics:
    pandoc document conversion failed with error 6
    --- failed re-building ‘TT-01-time-based-filtering.Rmd’
    
    --- re-building ‘TT-02-changing-time-periods.Rmd’ using rmarkdown
    
    Attaching package: 'tibbletime'
    
    The following object is masked from 'package:stats':
    
     filter
    
    
    Attaching package: 'dplyr'
    
    The following objects are masked from 'package:stats':
    
     filter, lag
    
    The following objects are masked from 'package:base':
    
     intersect, setdiff, setequal, union
    
    dyld: lazy symbol binding failed: Symbol not found: ____chkstk_darwin
     Referenced from: /usr/local/bin/pandoc (which was built for Mac OS X 10.15)
     Expected in: /usr/lib/libSystem.B.dylib
    
    dyld: Symbol not found: ____chkstk_darwin
     Referenced from: /usr/local/bin/pandoc (which was built for Mac OS X 10.15)
     Expected in: /usr/lib/libSystem.B.dylib
    
    Error: processing vignette 'TT-02-changing-time-periods.Rmd' failed with diagnostics:
    pandoc document conversion failed with error 6
    --- failed re-building ‘TT-02-changing-time-periods.Rmd’
    
    --- re-building ‘TT-03-rollify-for-rolling-analysis.Rmd’ using rmarkdown
    
    Attaching package: 'tibbletime'
    
    The following object is masked from 'package:stats':
    
     filter
    
    
    Attaching package: 'dplyr'
    
    The following objects are masked from 'package:stats':
    
     filter, lag
    
    The following objects are masked from 'package:base':
    
     intersect, setdiff, setequal, union
    
    dyld: lazy symbol binding failed: Symbol not found: ____chkstk_darwin
     Referenced from: /usr/local/bin/pandoc (which was built for Mac OS X 10.15)
     Expected in: /usr/lib/libSystem.B.dylib
    
    dyld: Symbol not found: ____chkstk_darwin
     Referenced from: /usr/local/bin/pandoc (which was built for Mac OS X 10.15)
     Expected in: /usr/lib/libSystem.B.dylib
    
    Error: processing vignette 'TT-03-rollify-for-rolling-analysis.Rmd' failed with diagnostics:
    pandoc document conversion failed with error 6
    --- failed re-building ‘TT-03-rollify-for-rolling-analysis.Rmd’
    
    --- re-building ‘TT-04-use-with-dplyr.Rmd’ using rmarkdown
    
    Attaching package: 'tibbletime'
    
    The following object is masked from 'package:stats':
    
     filter
    
    
    Attaching package: 'dplyr'
    
    The following objects are masked from 'package:stats':
    
     filter, lag
    
    The following objects are masked from 'package:base':
    
     intersect, setdiff, setequal, union
    
    
    Attaching package: 'lubridate'
    
    The following object is masked from 'package:base':
    
     date
    
    dyld: lazy symbol binding failed: Symbol not found: ____chkstk_darwin
     Referenced from: /usr/local/bin/pandoc (which was built for Mac OS X 10.15)
     Expected in: /usr/lib/libSystem.B.dylib
    
    dyld: Symbol not found: ____chkstk_darwin
     Referenced from: /usr/local/bin/pandoc (which was built for Mac OS X 10.15)
     Expected in: /usr/lib/libSystem.B.dylib
    
    Error: processing vignette 'TT-04-use-with-dplyr.Rmd' failed with diagnostics:
    pandoc document conversion failed with error 6
    --- failed re-building ‘TT-04-use-with-dplyr.Rmd’
    
    SUMMARY: processing the following files failed:
     ‘TT-01-time-based-filtering.Rmd’ ‘TT-02-changing-time-periods.Rmd’
     ‘TT-03-rollify-for-rolling-analysis.Rmd’ ‘TT-04-use-with-dplyr.Rmd’
    
    Error: Vignette re-building failed.
    Execution halted
Flavor: r-patched-osx-x86_64