CRAN Package Check Results for Package tfprobability

Last updated on 2020-04-25 01:53:20 CEST.

Flavor Version Tinstall Tcheck Ttotal Status Flags
r-devel-linux-x86_64-debian-clang 0.9.0.0 15.05 130.70 145.75 OK
r-devel-linux-x86_64-debian-gcc 0.9.0.0 12.75 102.79 115.54 OK
r-devel-linux-x86_64-fedora-clang 0.9.0.0 175.09 OK
r-devel-linux-x86_64-fedora-gcc 0.9.0.0 181.97 OK
r-devel-windows-ix86+x86_64 0.9.0.0 45.00 207.00 252.00 OK
r-patched-linux-x86_64 0.9.0.0 12.86 129.13 141.99 OK
r-patched-osx-x86_64 0.9.0.0 WARN
r-patched-solaris-x86 0.9.0.0 241.40 OK
r-release-linux-x86_64 0.9.0.0 11.64 120.79 132.43 OK
r-release-windows-ix86+x86_64 0.9.0.0 42.00 171.00 213.00 OK
r-release-osx-x86_64 0.9.0.0 OK
r-oldrel-windows-ix86+x86_64 0.9.0.0 18.00 219.00 237.00 OK
r-oldrel-osx-x86_64 0.9.0.0 OK

Check Details

Version: 0.9.0.0
Check: re-building of vignette outputs
Result: WARN
    Error(s) in re-building vignettes:
    --- re-building ‘dynamic_linear_models.Rmd’ using rmarkdown
    dyld: lazy symbol binding failed: Symbol not found: ____chkstk_darwin
     Referenced from: /usr/local/bin/pandoc (which was built for Mac OS X 10.15)
     Expected in: /usr/lib/libSystem.B.dylib
    
    dyld: Symbol not found: ____chkstk_darwin
     Referenced from: /usr/local/bin/pandoc (which was built for Mac OS X 10.15)
     Expected in: /usr/lib/libSystem.B.dylib
    
    Error: processing vignette 'dynamic_linear_models.Rmd' failed with diagnostics:
    pandoc document conversion failed with error 6
    --- failed re-building ‘dynamic_linear_models.Rmd’
    
    --- re-building ‘hamiltonian_monte_carlo.Rmd’ using rmarkdown
    dyld: lazy symbol binding failed: Symbol not found: ____chkstk_darwin
     Referenced from: /usr/local/bin/pandoc (which was built for Mac OS X 10.15)
     Expected in: /usr/lib/libSystem.B.dylib
    
    dyld: Symbol not found: ____chkstk_darwin
     Referenced from: /usr/local/bin/pandoc (which was built for Mac OS X 10.15)
     Expected in: /usr/lib/libSystem.B.dylib
    
    Error: processing vignette 'hamiltonian_monte_carlo.Rmd' failed with diagnostics:
    pandoc document conversion failed with error 6
    --- failed re-building ‘hamiltonian_monte_carlo.Rmd’
    
    --- re-building ‘layer_dense_variational.Rmd’ using rmarkdown
    dyld: lazy symbol binding failed: Symbol not found: ____chkstk_darwin
     Referenced from: /usr/local/bin/pandoc (which was built for Mac OS X 10.15)
     Expected in: /usr/lib/libSystem.B.dylib
    
    dyld: Symbol not found: ____chkstk_darwin
     Referenced from: /usr/local/bin/pandoc (which was built for Mac OS X 10.15)
     Expected in: /usr/lib/libSystem.B.dylib
    
    Error: processing vignette 'layer_dense_variational.Rmd' failed with diagnostics:
    pandoc document conversion failed with error 6
    --- failed re-building ‘layer_dense_variational.Rmd’
    
    SUMMARY: processing the following files failed:
     ‘dynamic_linear_models.Rmd’ ‘hamiltonian_monte_carlo.Rmd’
     ‘layer_dense_variational.Rmd’
    
    Error: Vignette re-building failed.
    Execution halted
Flavor: r-patched-osx-x86_64