CRAN Package Check Results for Package text2vec

Last updated on 2020-04-25 01:53:20 CEST.

Flavor Version Tinstall Tcheck Ttotal Status Flags
r-devel-linux-x86_64-debian-clang 0.6 72.12 284.35 356.47 OK
r-devel-linux-x86_64-debian-gcc 0.6 51.00 226.86 277.86 OK
r-devel-linux-x86_64-fedora-clang 0.6 456.55 NOTE
r-devel-linux-x86_64-fedora-gcc 0.6 451.16 OK
r-devel-windows-ix86+x86_64 0.6 159.00 509.00 668.00 NOTE
r-patched-linux-x86_64 0.6 62.75 271.50 334.25 OK
r-patched-osx-x86_64 0.6 WARN
r-patched-solaris-x86 0.6 847.60 NOTE
r-release-linux-x86_64 0.6 52.79 261.56 314.35 OK
r-release-windows-ix86+x86_64 0.6 161.00 512.00 673.00 NOTE
r-release-osx-x86_64 0.6 NOTE
r-oldrel-windows-ix86+x86_64 0.5.1 188.00 241.00 429.00 NOTE
r-oldrel-osx-x86_64 0.6 ERROR

Check Details

Version: 0.6
Check: installed package size
Result: NOTE
     installed size is 11.3Mb
     sub-directories of 1Mb or more:
     data 2.7Mb
     doc 2.9Mb
     libs 5.2Mb
Flavors: r-devel-linux-x86_64-fedora-clang, r-devel-windows-ix86+x86_64, r-patched-osx-x86_64, r-patched-solaris-x86, r-release-windows-ix86+x86_64, r-release-osx-x86_64

Version: 0.6
Check: re-building of vignette outputs
Result: WARN
    Error(s) in re-building vignettes:
    --- re-building ‘files-multicore.Rmd’ using rmarkdown
    Warning in data.table::fread(x, header = T, sep = "|") :
     Found and resolved improper quoting in first 100 rows. If the fields are not quoted (e.g. field separator does not appear within any field), try quote="" to avoid this warning.
    Warning in data.table::fread(x, header = T, sep = "|") :
     Found and resolved improper quoting in first 100 rows. If the fields are not quoted (e.g. field separator does not appear within any field), try quote="" to avoid this warning.
    Warning in data.table::fread(x, header = T, sep = "|") :
     Found and resolved improper quoting in first 100 rows. If the fields are not quoted (e.g. field separator does not appear within any field), try quote="" to avoid this warning.
    Warning in data.table::fread(x, header = T, sep = "|") :
     Found and resolved improper quoting in first 100 rows. If the fields are not quoted (e.g. field separator does not appear within any field), try quote="" to avoid this warning.
    Warning in data.table::fread(x, header = T, sep = "|") :
     Found and resolved improper quoting in first 100 rows. If the fields are not quoted (e.g. field separator does not appear within any field), try quote="" to avoid this warning.
    Warning in data.table::fread(x, header = T, sep = "|") :
     Found and resolved improper quoting in first 100 rows. If the fields are not quoted (e.g. field separator does not appear within any field), try quote="" to avoid this warning.
    Warning in data.table::fread(x, header = T, sep = "|") :
     Found and resolved improper quoting in first 100 rows. If the fields are not quoted (e.g. field separator does not appear within any field), try quote="" to avoid this warning.
    Warning in data.table::fread(x, header = T, sep = "|") :
     Found and resolved improper quoting in first 100 rows. If the fields are not quoted (e.g. field separator does not appear within any field), try quote="" to avoid this warning.
    Warning in data.table::fread(x, header = T, sep = "|") :
     Found and resolved improper quoting in first 100 rows. If the fields are not quoted (e.g. field separator does not appear within any field), try quote="" to avoid this warning.
    Warning in data.table::fread(x, header = T, sep = "|") :
     Found and resolved improper quoting in first 100 rows. If the fields are not quoted (e.g. field separator does not appear within any field), try quote="" to avoid this warning.
    Warning in data.table::fread(x, header = T, sep = "|") :
     Found and resolved improper quoting in first 100 rows. If the fields are not quoted (e.g. field separator does not appear within any field), try quote="" to avoid this warning.
    Warning in data.table::fread(x, header = T, sep = "|") :
     Found and resolved improper quoting in first 100 rows. If the fields are not quoted (e.g. field separator does not appear within any field), try quote="" to avoid this warning.
    Warning in data.table::fread(x, header = T, sep = "|") :
     Found and resolved improper quoting in first 100 rows. If the fields are not quoted (e.g. field separator does not appear within any field), try quote="" to avoid this warning.
    Warning in data.table::fread(x, header = T, sep = "|") :
     Found and resolved improper quoting in first 100 rows. If the fields are not quoted (e.g. field separator does not appear within any field), try quote="" to avoid this warning.
    Warning in data.table::fread(x, header = T, sep = "|") :
     Found and resolved improper quoting in first 100 rows. If the fields are not quoted (e.g. field separator does not appear within any field), try quote="" to avoid this warning.
    Warning in data.table::fread(x, header = T, sep = "|") :
     Found and resolved improper quoting in first 100 rows. If the fields are not quoted (e.g. field separator does not appear within any field), try quote="" to avoid this warning.
    Warning in data.table::fread(x, header = T, sep = "|") :
     Found and resolved improper quoting in first 100 rows. If the fields are not quoted (e.g. field separator does not appear within any field), try quote="" to avoid this warning.
    Warning in data.table::fread(x, header = T, sep = "|") :
     Found and resolved improper quoting in first 100 rows. If the fields are not quoted (e.g. field separator does not appear within any field), try quote="" to avoid this warning.
    Warning in data.table::fread(x, header = T, sep = "|") :
     Found and resolved improper quoting in first 100 rows. If the fields are not quoted (e.g. field separator does not appear within any field), try quote="" to avoid this warning.
    Warning in data.table::fread(x, header = T, sep = "|") :
     Found and resolved improper quoting in first 100 rows. If the fields are not quoted (e.g. field separator does not appear within any field), try quote="" to avoid this warning.
    dyld: lazy symbol binding failed: Symbol not found: ____chkstk_darwin
     Referenced from: /usr/local/bin/pandoc (which was built for Mac OS X 10.15)
     Expected in: /usr/lib/libSystem.B.dylib
    
    dyld: Symbol not found: ____chkstk_darwin
     Referenced from: /usr/local/bin/pandoc (which was built for Mac OS X 10.15)
     Expected in: /usr/lib/libSystem.B.dylib
    
    Error: processing vignette 'files-multicore.Rmd' failed with diagnostics:
    pandoc document conversion failed with error 6
    --- failed re-building ‘files-multicore.Rmd’
    
    --- re-building ‘glove.Rmd’ using rmarkdown
    dyld: lazy symbol binding failed: Symbol not found: ____chkstk_darwin
     Referenced from: /usr/local/bin/pandoc (which was built for Mac OS X 10.15)
     Expected in: /usr/lib/libSystem.B.dylib
    
    dyld: Symbol not found: ____chkstk_darwin
     Referenced from: /usr/local/bin/pandoc (which was built for Mac OS X 10.15)
     Expected in: /usr/lib/libSystem.B.dylib
    
    Error: processing vignette 'glove.Rmd' failed with diagnostics:
    pandoc document conversion failed with error 6
    --- failed re-building ‘glove.Rmd’
    
    --- re-building ‘text-vectorization.Rmd’ using rmarkdown
    Loading required package: Matrix
    Loaded glmnet 3.0-2
    
    dyld: lazy symbol binding failed: Symbol not found: ____chkstk_darwin
     Referenced from: /usr/local/bin/pandoc (which was built for Mac OS X 10.15)
     Expected in: /usr/lib/libSystem.B.dylib
    
    dyld: Symbol not found: ____chkstk_darwin
     Referenced from: /usr/local/bin/pandoc (which was built for Mac OS X 10.15)
     Expected in: /usr/lib/libSystem.B.dylib
    
    Error: processing vignette 'text-vectorization.Rmd' failed with diagnostics:
    pandoc document conversion failed with error 6
    --- failed re-building ‘text-vectorization.Rmd’
    
    SUMMARY: processing the following files failed:
     ‘files-multicore.Rmd’ ‘glove.Rmd’ ‘text-vectorization.Rmd’
    
    Error: Vignette re-building failed.
    Execution halted
Flavor: r-patched-osx-x86_64

Version: 0.5.1
Check: installed package size
Result: NOTE
     installed size is 9.0Mb
     sub-directories of 1Mb or more:
     data 2.6Mb
     doc 3.6Mb
     libs 2.1Mb
Flavor: r-oldrel-windows-ix86+x86_64

Version: 0.5.1
Check: for GNU extensions in Makefiles
Result: NOTE
    GNU make is a SystemRequirements.
Flavor: r-oldrel-windows-ix86+x86_64

Version: 0.6
Check: package dependencies
Result: ERROR
    Package required and available but unsuitable version: ‘rsparse’
    
    See section ‘The DESCRIPTION file’ in the ‘Writing R Extensions’
    manual.
Flavor: r-oldrel-osx-x86_64