CRAN Package Check Results for Package texmex

Last updated on 2020-04-25 01:53:20 CEST.

Flavor Version Tinstall Tcheck Ttotal Status Flags
r-devel-linux-x86_64-debian-clang 2.4.5 39.21 99.17 138.38 OK
r-devel-linux-x86_64-debian-gcc 2.4.5 26.09 74.54 100.63 OK
r-devel-linux-x86_64-fedora-clang 2.4.5 174.81 OK
r-devel-linux-x86_64-fedora-gcc 2.4.5 167.62 OK
r-devel-windows-ix86+x86_64 2.4.5 100.00 179.00 279.00 OK
r-patched-linux-x86_64 2.4.5 34.78 95.97 130.75 OK
r-patched-osx-x86_64 2.4.5 WARN
r-patched-solaris-x86 2.4.5 193.50 OK
r-release-linux-x86_64 2.4.5 28.67 86.79 115.46 OK
r-release-windows-ix86+x86_64 2.4.5 87.00 134.00 221.00 OK
r-release-osx-x86_64 2.4.5 OK
r-oldrel-windows-ix86+x86_64 2.4.5 49.00 218.00 267.00 OK
r-oldrel-osx-x86_64 2.4.2 OK

Check Details

Version: 2.4.5
Check: re-building of vignette outputs
Result: WARN
    Error(s) in re-building vignettes:
     ...
    --- re-building ‘texmexVignettes.Rmd’ using rmarkdown
    dyld: lazy symbol binding failed: Symbol not found: ____chkstk_darwin
     Referenced from: /usr/local/bin/pandoc (which was built for Mac OS X 10.15)
     Expected in: /usr/lib/libSystem.B.dylib
    
    dyld: Symbol not found: ____chkstk_darwin
     Referenced from: /usr/local/bin/pandoc (which was built for Mac OS X 10.15)
     Expected in: /usr/lib/libSystem.B.dylib
    
    Error: processing vignette 'texmexVignettes.Rmd' failed with diagnostics:
    pandoc document conversion failed with error 6
    --- failed re-building ‘texmexVignettes.Rmd’
    
    SUMMARY: processing the following file failed:
     ‘texmexVignettes.Rmd’
    
    Error: Vignette re-building failed.
    Execution halted
Flavor: r-patched-osx-x86_64