Last updated on 2020-04-25 01:53:20 CEST.
Flavor | Version | Tinstall | Tcheck | Ttotal | Status | Flags |
---|---|---|---|---|---|---|
r-devel-linux-x86_64-debian-clang | 2.0 | 13.65 | 103.06 | 116.71 | OK | |
r-devel-linux-x86_64-debian-gcc | 2.0 | 12.19 | 78.04 | 90.23 | OK | |
r-devel-linux-x86_64-fedora-clang | 2.0 | 140.35 | NOTE | |||
r-devel-linux-x86_64-fedora-gcc | 2.0 | 137.76 | NOTE | |||
r-devel-windows-ix86+x86_64 | 2.0 | 49.00 | 167.00 | 216.00 | OK | |
r-patched-linux-x86_64 | 2.0 | 12.96 | 97.91 | 110.87 | OK | |
r-patched-osx-x86_64 | 2.0 | NOTE | ||||
r-patched-solaris-x86 | 2.0 | 198.80 | NOTE | |||
r-release-linux-x86_64 | 2.0 | 12.28 | 88.89 | 101.17 | OK | |
r-release-windows-ix86+x86_64 | 2.0 | 46.00 | 132.00 | 178.00 | OK | |
r-release-osx-x86_64 | 2.0 | WARN | ||||
r-oldrel-windows-ix86+x86_64 | 2.0 | 17.00 | 212.00 | 229.00 | OK | |
r-oldrel-osx-x86_64 | 2.0 | WARN |
Version: 2.0
Check: dependencies in R code
Result: NOTE
Namespace in Imports field not imported from: ‘utils’
All declared Imports should be used.
Flavors: r-devel-linux-x86_64-fedora-clang, r-devel-linux-x86_64-fedora-gcc, r-patched-osx-x86_64, r-patched-solaris-x86, r-release-osx-x86_64, r-oldrel-osx-x86_64
Version: 2.0
Check: whether package can be installed
Result: WARN
Found the following significant warnings:
Warning: 'rgl.init' failed, running with 'rgl.useNULL = TRUE'.
Flavors: r-release-osx-x86_64, r-oldrel-osx-x86_64